{"id":15888,"date":"2021-08-28T08:51:09","date_gmt":"2021-08-28T01:51:09","guid":{"rendered":"https:\/\/legiavanphongpham.com\/?post_type=product&#038;p=15888"},"modified":"2024-08-26T11:05:39","modified_gmt":"2024-08-26T04:05:39","slug":"a4-80gsm-supreme","status":"publish","type":"product","link":"https:\/\/legiavanphongpham.com\/index.php\/product\/a4-80gsm-supreme\/","title":{"rendered":"A4 80gsm SUPREME"},"content":{"rendered":"<table width=\"709\">\n<tbody>\n<tr>\n<td width=\"291\">Xu\u1ea5t X\u1ee9: Th\u00e1i Lan<\/p>\n<p>Ph\u1ee5c v\u1ee5 cho vi\u1ec7c in, photocopy v\u0103n b\u1ea3n hay h\u00ecnh \u1ea3nh. Cho ra h\u00ecnh \u1ea3nh ch\u1ea5t l\u01b0\u1ee3ng, ho\u00e0n h\u1ea3o c\u00f3 \u0111\u1ed9 s\u1eafc n\u00e9t v\u00e0 t\u01b0\u01a1ng ph\u1ea3n cao.<\/p>\n<p>Th\u00edch h\u1ee3p cho t\u1ea5t c\u1ea3 c\u00e1c lo\u1ea1i m\u00e1y in, m\u00e1y fax laser, m\u00e1y photocopy, m\u00e1y laser\u2026<\/p>\n<p>C\u00f3 th\u1ec3 gi\u1ea5y A4 Supreme 80 gsm d\u00f9ng vi\u1ebft tay, cho ra n\u00e9t ch\u1eef r\u00f5 r\u00e0ng \u0111\u1eb9p v\u00e0 s\u1eafc n\u00e9t.<\/p>\n<p>&nbsp;<\/td>\n<\/tr>\n<\/tbody>\n<\/table>\n","protected":false},"excerpt":{"rendered":"<p>Xu\u1ea5t X\u1ee9: Th\u00e1i Lan Ph\u1ee5c v\u1ee5 cho vi\u1ec7c in, photocopy v\u0103n b\u1ea3n hay h\u00ecnh \u1ea3nh. Cho ra h\u00ecnh \u1ea3nh ch\u1ea5t l\u01b0\u1ee3ng, ho\u00e0n h\u1ea3o c\u00f3 \u0111\u1ed9 s\u1eafc n\u00e9t v\u00e0 t\u01b0\u01a1ng ph\u1ea3n cao. Th\u00edch h\u1ee3p cho t\u1ea5t c\u1ea3 c\u00e1c lo\u1ea1i m\u00e1y in, m\u00e1y fax laser, m\u00e1y photocopy, m\u00e1y laser\u2026 C\u00f3 th\u1ec3 gi\u1ea5y A4 Supreme 80 gsm d\u00f9ng [&hellip;]<\/p>\n","protected":false},"featured_media":15889,"comment_status":"open","ping_status":"closed","template":"","meta":[],"product_brand":[],"product_cat":[128],"product_tag":[],"class_list":{"0":"post-15888","1":"product","2":"type-product","3":"status-publish","4":"has-post-thumbnail","6":"product_cat-giay-photocopy","8":"first","9":"instock","10":"shipping-taxable","11":"purchasable","12":"product-type-simple"},"_links":{"self":[{"href":"https:\/\/legiavanphongpham.com\/index.php\/wp-json\/wp\/v2\/product\/15888","targetHints":{"allow":["GET"]}}],"collection":[{"href":"https:\/\/legiavanphongpham.com\/index.php\/wp-json\/wp\/v2\/product"}],"about":[{"href":"https:\/\/legiavanphongpham.com\/index.php\/wp-json\/wp\/v2\/types\/product"}],"replies":[{"embeddable":true,"href":"https:\/\/legiavanphongpham.com\/index.php\/wp-json\/wp\/v2\/comments?post=15888"}],"wp:featuredmedia":[{"embeddable":true,"href":"https:\/\/legiavanphongpham.com\/index.php\/wp-json\/wp\/v2\/media\/15889"}],"wp:attachment":[{"href":"https:\/\/legiavanphongpham.com\/index.php\/wp-json\/wp\/v2\/media?parent=15888"}],"wp:term":[{"taxonomy":"product_brand","embeddable":true,"href":"https:\/\/legiavanphongpham.com\/index.php\/wp-json\/wp\/v2\/product_brand?post=15888"},{"taxonomy":"product_cat","embeddable":true,"href":"https:\/\/legiavanphongpham.com\/index.php\/wp-json\/wp\/v2\/product_cat?post=15888"},{"taxonomy":"product_tag","embeddable":true,"href":"https:\/\/legiavanphongpham.com\/index.php\/wp-json\/wp\/v2\/product_tag?post=15888"}],"curies":[{"name":"wp","href":"https:\/\/api.w.org\/{rel}","templated":true}]}}