{"id":15890,"date":"2021-08-28T08:52:33","date_gmt":"2021-08-28T01:52:33","guid":{"rendered":"https:\/\/legiavanphongpham.com\/?post_type=product&#038;p=15890"},"modified":"2024-08-26T11:05:03","modified_gmt":"2024-08-26T04:05:03","slug":"a4-double-70gsm","status":"publish","type":"product","link":"https:\/\/legiavanphongpham.com\/index.php\/product\/a4-double-70gsm\/","title":{"rendered":"A4 70GSM DOUBLE"},"content":{"rendered":"<table width=\"709\">\n<tbody>\n<tr>\n<td width=\"291\">Xu\u1ea5t X\u1ee9: Th\u00e1i Lan<\/p>\n<p>Kh\u1ed5 gi\u1ea5y in A4, \u0111\u1ecbnh l\u01b0\u1ee3ng 70gsm Gi\u1ea5y in Double A thi\u1ebft k\u1ebf kh\u1ed5 A4 th\u00edch h\u1ee3p v\u1edbi c\u00e1c d\u00f2ng m\u00e1y in v\u00e0 m\u00e1y photocopy h\u1ed7 tr\u1ee3 kh\u1ed5 gi\u1ea5y A4.<\/p>\n<p>S\u1ea3n ph\u1ea9m gi\u1ea5y c\u00f3 \u0111\u1ecbnh l\u01b0\u1ee3ng gi\u1ea5y 70gsm, b\u1ec1n dai s\u1ebd h\u1ea1n ch\u1ebf t\u1ed1i \u0111a t\u00ecnh tr\u1ea1ng k\u1eb9t gi\u1ea5y v\u00e0 ti\u1ebft ki\u1ec7m l\u01b0\u1ee3ng gi\u1ea5y in.<\/p>\n<p>\u0110\u1eb7c bi\u1ec7t, \u0111\u00f3ng g\u00f3i s\u1ea3n ph\u1ea9m 500 t\u1edd \/ Ram gi\u00fap ng\u01b0\u1eddi d\u00f9ng tho\u1ea3i m\u00e1i in \u1ea5n theo nhu c\u1ea7u<\/td>\n<\/tr>\n<\/tbody>\n<\/table>\n","protected":false},"excerpt":{"rendered":"<p>Xu\u1ea5t X\u1ee9: Th\u00e1i Lan Kh\u1ed5 gi\u1ea5y in A4, \u0111\u1ecbnh l\u01b0\u1ee3ng 70gsm Gi\u1ea5y in Double A thi\u1ebft k\u1ebf kh\u1ed5 A4 th\u00edch h\u1ee3p v\u1edbi c\u00e1c d\u00f2ng m\u00e1y in v\u00e0 m\u00e1y photocopy h\u1ed7 tr\u1ee3 kh\u1ed5 gi\u1ea5y A4. S\u1ea3n ph\u1ea9m gi\u1ea5y c\u00f3 \u0111\u1ecbnh l\u01b0\u1ee3ng gi\u1ea5y 70gsm, b\u1ec1n dai s\u1ebd h\u1ea1n ch\u1ebf t\u1ed1i \u0111a t\u00ecnh tr\u1ea1ng k\u1eb9t gi\u1ea5y v\u00e0 ti\u1ebft [&hellip;]<\/p>\n","protected":false},"featured_media":15891,"comment_status":"open","ping_status":"closed","template":"","meta":[],"product_brand":[],"product_cat":[128],"product_tag":[],"class_list":{"0":"post-15890","1":"product","2":"type-product","3":"status-publish","4":"has-post-thumbnail","6":"product_cat-giay-photocopy","8":"first","9":"instock","10":"shipping-taxable","11":"purchasable","12":"product-type-simple"},"_links":{"self":[{"href":"https:\/\/legiavanphongpham.com\/index.php\/wp-json\/wp\/v2\/product\/15890","targetHints":{"allow":["GET"]}}],"collection":[{"href":"https:\/\/legiavanphongpham.com\/index.php\/wp-json\/wp\/v2\/product"}],"about":[{"href":"https:\/\/legiavanphongpham.com\/index.php\/wp-json\/wp\/v2\/types\/product"}],"replies":[{"embeddable":true,"href":"https:\/\/legiavanphongpham.com\/index.php\/wp-json\/wp\/v2\/comments?post=15890"}],"wp:featuredmedia":[{"embeddable":true,"href":"https:\/\/legiavanphongpham.com\/index.php\/wp-json\/wp\/v2\/media\/15891"}],"wp:attachment":[{"href":"https:\/\/legiavanphongpham.com\/index.php\/wp-json\/wp\/v2\/media?parent=15890"}],"wp:term":[{"taxonomy":"product_brand","embeddable":true,"href":"https:\/\/legiavanphongpham.com\/index.php\/wp-json\/wp\/v2\/product_brand?post=15890"},{"taxonomy":"product_cat","embeddable":true,"href":"https:\/\/legiavanphongpham.com\/index.php\/wp-json\/wp\/v2\/product_cat?post=15890"},{"taxonomy":"product_tag","embeddable":true,"href":"https:\/\/legiavanphongpham.com\/index.php\/wp-json\/wp\/v2\/product_tag?post=15890"}],"curies":[{"name":"wp","href":"https:\/\/api.w.org\/{rel}","templated":true}]}}