{"id":15911,"date":"2021-08-28T09:13:08","date_gmt":"2021-08-28T02:13:08","guid":{"rendered":"https:\/\/legiavanphongpham.com\/?post_type=product&#038;p=15911"},"modified":"2021-08-28T09:13:08","modified_gmt":"2021-08-28T02:13:08","slug":"may-in-canon-lbp6230dn","status":"publish","type":"product","link":"https:\/\/legiavanphongpham.com\/index.php\/product\/may-in-canon-lbp6230dn\/","title":{"rendered":"M\u00e1y in canon lbp6230dn"},"content":{"rendered":"<ul>\n<li>D\u00f9ng m\u1ef1c Canon 326 ch\u00ednh h\u00e3ng k\u00e9o d\u00e0i tu\u1ed5i th\u1ecd c\u1ee7a m\u00e1y<\/li>\n<li>T\u1ed1c \u0111\u1ed9 in v\u01b0\u1ee3t tr\u1ed9i \u0111\u1ebfn 25 trang\/ph\u00fat gi\u1ea3i quy\u1ebft t\u1ed1t c\u00f4ng vi\u1ec7c<\/li>\n<li>Ch\u1ee9c n\u0103ng in \u0111\u1ea3o m\u1eb7t t\u1ef1 \u0111\u1ed9ng ti\u1ebft ki\u1ec7m chi ph\u00ed gi\u1ea5y in<\/li>\n<li>Ch\u1ebf \u0111\u1ed9 ng\u1ee7 v\u00e0 t\u1ef1 \u0111\u1ed9ng t\u1eaft m\u00e1y kh\u00f4ng s\u1eed d\u1ee5ng gi\u00fap ti\u1ebft ki\u1ec7m \u0111i\u1ec7n<\/li>\n<li>In d\u1ec5 d\u00e0ng t\u1eeb thi\u1ebft b\u1ecb di \u0111\u1ed9ng v\u1edbi \u1ee9ng d\u1ee5ng Canon Mobile Printing<\/li>\n<\/ul>\n","protected":false},"excerpt":{"rendered":"<p>D\u00f9ng m\u1ef1c Canon 326 ch\u00ednh h\u00e3ng k\u00e9o d\u00e0i tu\u1ed5i th\u1ecd c\u1ee7a m\u00e1y T\u1ed1c \u0111\u1ed9 in v\u01b0\u1ee3t tr\u1ed9i \u0111\u1ebfn 25 trang\/ph\u00fat gi\u1ea3i quy\u1ebft t\u1ed1t c\u00f4ng vi\u1ec7c Ch\u1ee9c n\u0103ng in \u0111\u1ea3o m\u1eb7t t\u1ef1 \u0111\u1ed9ng ti\u1ebft ki\u1ec7m chi ph\u00ed gi\u1ea5y in Ch\u1ebf \u0111\u1ed9 ng\u1ee7 v\u00e0 t\u1ef1 \u0111\u1ed9ng t\u1eaft m\u00e1y kh\u00f4ng s\u1eed d\u1ee5ng gi\u00fap ti\u1ebft ki\u1ec7m \u0111i\u1ec7n In d\u1ec5 [&hellip;]<\/p>\n","protected":false},"featured_media":15918,"comment_status":"open","ping_status":"closed","template":"","meta":[],"product_brand":[],"product_cat":[172],"product_tag":[],"class_list":{"0":"post-15911","1":"product","2":"type-product","3":"status-publish","4":"has-post-thumbnail","6":"product_cat-may-in","8":"first","9":"instock","10":"shipping-taxable","11":"product-type-simple"},"_links":{"self":[{"href":"https:\/\/legiavanphongpham.com\/index.php\/wp-json\/wp\/v2\/product\/15911","targetHints":{"allow":["GET"]}}],"collection":[{"href":"https:\/\/legiavanphongpham.com\/index.php\/wp-json\/wp\/v2\/product"}],"about":[{"href":"https:\/\/legiavanphongpham.com\/index.php\/wp-json\/wp\/v2\/types\/product"}],"replies":[{"embeddable":true,"href":"https:\/\/legiavanphongpham.com\/index.php\/wp-json\/wp\/v2\/comments?post=15911"}],"wp:featuredmedia":[{"embeddable":true,"href":"https:\/\/legiavanphongpham.com\/index.php\/wp-json\/wp\/v2\/media\/15918"}],"wp:attachment":[{"href":"https:\/\/legiavanphongpham.com\/index.php\/wp-json\/wp\/v2\/media?parent=15911"}],"wp:term":[{"taxonomy":"product_brand","embeddable":true,"href":"https:\/\/legiavanphongpham.com\/index.php\/wp-json\/wp\/v2\/product_brand?post=15911"},{"taxonomy":"product_cat","embeddable":true,"href":"https:\/\/legiavanphongpham.com\/index.php\/wp-json\/wp\/v2\/product_cat?post=15911"},{"taxonomy":"product_tag","embeddable":true,"href":"https:\/\/legiavanphongpham.com\/index.php\/wp-json\/wp\/v2\/product_tag?post=15911"}],"curies":[{"name":"wp","href":"https:\/\/api.w.org\/{rel}","templated":true}]}}