{"id":16028,"date":"2021-08-28T10:14:49","date_gmt":"2021-08-28T03:14:49","guid":{"rendered":"https:\/\/legiavanphongpham.com\/?post_type=product&#038;p=16028"},"modified":"2021-08-28T10:14:49","modified_gmt":"2021-08-28T03:14:49","slug":"may-dem-tien-the-he-moi-silicon-mc-2200","status":"publish","type":"product","link":"https:\/\/legiavanphongpham.com\/index.php\/product\/may-dem-tien-the-he-moi-silicon-mc-2200\/","title":{"rendered":"M\u00e1y \u0111\u1ebfm ti\u1ec1n th\u1ebf h\u1ec7 m\u1edbi Silicon MC-2200"},"content":{"rendered":"<ul>\n<li>Lo\u1ea1i ti\u1ec1n \u0111\u1ebfm \u0111\u01b0\u1ee3c<a href=\"https:\/\/meta.vn\/may-dem-tien-c522?specs=1432.24403\">Ngo\u1ea1i t\u1ec7<\/a>,\u00a0<a href=\"https:\/\/meta.vn\/may-dem-tien-c522?specs=1432.24402\">Polyme<\/a>,\u00a0<a href=\"https:\/\/meta.vn\/may-dem-tien-c522?specs=1432.28253\">Ti\u1ec1n gi\u1ea5y<\/a>,\u00a0<a href=\"https:\/\/meta.vn\/may-dem-tien-c522?specs=1432.70562\">VN\u0110<\/a><\/li>\n<li>Ph\u00e1t hi\u1ec7n ti\u1ec1n gi\u1ea3<a href=\"https:\/\/meta.vn\/may-dem-tien-c522?specs=2922.70556\">C\u00f3<\/a><\/li>\n<li>T\u1ed1c \u0111\u1ed9 \u0111\u1ebfm<a href=\"https:\/\/meta.vn\/may-dem-tien-c522?specs=527.38233\">&gt; 900 t\u1edd\/ph\u00fat<\/a><\/li>\n<li>T\u00ednh n\u0103ng<a href=\"https:\/\/meta.vn\/may-dem-tien-c522?specs=1854.70558\">\u0110\u1ebfm c\u1ed9ng d\u1ed3n<\/a>,\u00a0<a href=\"https:\/\/meta.vn\/may-dem-tien-c522?specs=1854.70557\">\u0110\u1ebfm m\u1ebb<\/a><\/li>\n<li>M\u00e0n h\u00ecnh hi\u1ec3n th\u1ecb<a href=\"https:\/\/meta.vn\/may-dem-tien-c522?specs=157.4323\">LED<\/a>,\u00a0<a href=\"https:\/\/meta.vn\/may-dem-tien-c522?specs=157.17833\">M\u00e0n hi\u1ec3n th\u1ecb k\u00e9o d\u00e0i<\/a><\/li>\n<li>K\u00edch th\u01b0\u1edbc<a href=\"https:\/\/meta.vn\/may-dem-tien-c522?specs=29.38235\">300mm x 250mm x 172mm<\/a><\/li>\n<li>Tr\u1ecdng l\u01b0\u1ee3ng s\u1ea3n ph\u1ea9m<a href=\"https:\/\/meta.vn\/may-dem-tien-c522?specs=35.4853\">5,2kg<\/a><\/li>\n<li>Ngu\u1ed3n \u0111i\u1ec7n \u00e1p<a href=\"https:\/\/meta.vn\/may-dem-tien-c522?specs=73.9107\">120V &#8211; 240V \/ 50Hz-60Hz<\/a><\/li>\n<li>Th\u01b0\u01a1ng hi\u1ec7u<a href=\"https:\/\/meta.vn\/may-dem-tien-c522?specs=69.1197\">M\u1ef9<\/a><\/li>\n<li>S\u1ea3n xu\u1ea5t t\u1ea1i<a href=\"https:\/\/meta.vn\/may-dem-tien-c522?specs=68.1154\">Trung Qu\u1ed1c<\/a><\/li>\n<li>B\u1ea3o h\u00e0nh<a href=\"https:\/\/meta.vn\/may-dem-tien-c522?specs=67.1002\">12 th\u00e1ng<\/a><\/li>\n<\/ul>\n","protected":false},"excerpt":{"rendered":"<p>Lo\u1ea1i ti\u1ec1n \u0111\u1ebfm \u0111\u01b0\u1ee3cNgo\u1ea1i t\u1ec7,\u00a0Polyme,\u00a0Ti\u1ec1n gi\u1ea5y,\u00a0VN\u0110 Ph\u00e1t hi\u1ec7n ti\u1ec1n gi\u1ea3C\u00f3 T\u1ed1c \u0111\u1ed9 \u0111\u1ebfm&gt; 900 t\u1edd\/ph\u00fat T\u00ednh n\u0103ng\u0110\u1ebfm c\u1ed9ng d\u1ed3n,\u00a0\u0110\u1ebfm m\u1ebb M\u00e0n h\u00ecnh hi\u1ec3n th\u1ecbLED,\u00a0M\u00e0n hi\u1ec3n th\u1ecb k\u00e9o d\u00e0i K\u00edch th\u01b0\u1edbc300mm x 250mm x 172mm Tr\u1ecdng l\u01b0\u1ee3ng s\u1ea3n ph\u1ea9m5,2kg Ngu\u1ed3n \u0111i\u1ec7n \u00e1p120V &#8211; 240V \/ 50Hz-60Hz Th\u01b0\u01a1ng hi\u1ec7uM\u1ef9 S\u1ea3n xu\u1ea5t t\u1ea1iTrung Qu\u1ed1c B\u1ea3o h\u00e0nh12 th\u00e1ng<\/p>\n","protected":false},"featured_media":16020,"comment_status":"open","ping_status":"closed","template":"","meta":[],"product_brand":[],"product_cat":[177],"product_tag":[],"class_list":{"0":"post-16028","1":"product","2":"type-product","3":"status-publish","4":"has-post-thumbnail","6":"product_cat-may-dem-tien","8":"first","9":"instock","10":"shipping-taxable","11":"product-type-simple"},"_links":{"self":[{"href":"https:\/\/legiavanphongpham.com\/index.php\/wp-json\/wp\/v2\/product\/16028","targetHints":{"allow":["GET"]}}],"collection":[{"href":"https:\/\/legiavanphongpham.com\/index.php\/wp-json\/wp\/v2\/product"}],"about":[{"href":"https:\/\/legiavanphongpham.com\/index.php\/wp-json\/wp\/v2\/types\/product"}],"replies":[{"embeddable":true,"href":"https:\/\/legiavanphongpham.com\/index.php\/wp-json\/wp\/v2\/comments?post=16028"}],"wp:featuredmedia":[{"embeddable":true,"href":"https:\/\/legiavanphongpham.com\/index.php\/wp-json\/wp\/v2\/media\/16020"}],"wp:attachment":[{"href":"https:\/\/legiavanphongpham.com\/index.php\/wp-json\/wp\/v2\/media?parent=16028"}],"wp:term":[{"taxonomy":"product_brand","embeddable":true,"href":"https:\/\/legiavanphongpham.com\/index.php\/wp-json\/wp\/v2\/product_brand?post=16028"},{"taxonomy":"product_cat","embeddable":true,"href":"https:\/\/legiavanphongpham.com\/index.php\/wp-json\/wp\/v2\/product_cat?post=16028"},{"taxonomy":"product_tag","embeddable":true,"href":"https:\/\/legiavanphongpham.com\/index.php\/wp-json\/wp\/v2\/product_tag?post=16028"}],"curies":[{"name":"wp","href":"https:\/\/api.w.org\/{rel}","templated":true}]}}