{"id":16211,"date":"2021-08-30T09:05:28","date_gmt":"2021-08-30T02:05:28","guid":{"rendered":"https:\/\/legiavanphongpham.com\/?post_type=product&#038;p=16211"},"modified":"2021-08-31T15:15:06","modified_gmt":"2021-08-31T08:15:06","slug":"hp-cf278a","status":"publish","type":"product","link":"https:\/\/legiavanphongpham.com\/index.php\/product\/hp-cf278a\/","title":{"rendered":"HP CF278A"},"content":{"rendered":"<table>\n<tbody>\n<tr>\n<td><strong>Lo\u1ea1im\u1ef1c in:\u00a0<\/strong>M\u1ef1c in HP Laser \u0111entr\u1eafng<\/p>\n<p><strong>M\u00e0us\u1eafc:\u00a0<\/strong>H\u1ed9pm\u1ef1c<strong>\u00a0<\/strong>m\u00e0u\u0111en<\/p>\n<p><strong>M\u00e3m\u1ef1c :<\/strong>\u00a0<a href=\"https:\/\/www.toanphat.com\/muc-in-laser-den-trang-hp-ce278a-78a-dung-cho-may-hp-p1566-p1606\/p2504.html\">HP \u2013 78A<\/a>\u00a0\u00a0(<a href=\"https:\/\/www.toanphat.com\/muc-in-laser-den-trang-hp-ce278a-78a-dung-cho-may-hp-p1566-p1606\/p2504.html\">CE278A<\/a>) Black<\/p>\n<p><strong>Lo\u1ea1im\u00e1y in s\u1eedd\u1ee5ng :\u00a0<\/strong>HP LJ P1606dn, P1566, P1560 (Series),\u00a0<a href=\"https:\/\/www.toanphat.com\/may-in-laser-da-chuc-nang-hp-1536dnf-tu-dong-dao-giay-in-mang-scan-copy-fax\/p2648.html\">HP 1536DNF<\/a><\/p>\n<p><strong>Dung l\u01b0\u1ee3ng :\u00a0<\/strong>In kho\u1ea3ng 2.100 trang (v\u1edbi\u0111\u1ed9cheph\u1ee7 5%)<\/td>\n<\/tr>\n<\/tbody>\n<\/table>\n","protected":false},"excerpt":{"rendered":"<p>Lo\u1ea1im\u1ef1c in:\u00a0M\u1ef1c in HP Laser \u0111entr\u1eafng M\u00e0us\u1eafc:\u00a0H\u1ed9pm\u1ef1c\u00a0m\u00e0u\u0111en M\u00e3m\u1ef1c :\u00a0HP \u2013 78A\u00a0\u00a0(CE278A) Black Lo\u1ea1im\u00e1y in s\u1eedd\u1ee5ng :\u00a0HP LJ P1606dn, P1566, P1560 (Series),\u00a0HP 1536DNF Dung l\u01b0\u1ee3ng :\u00a0In kho\u1ea3ng 2.100 trang (v\u1edbi\u0111\u1ed9cheph\u1ee7 5%)<\/p>\n","protected":false},"featured_media":16932,"comment_status":"open","ping_status":"closed","template":"","meta":[],"product_brand":[],"product_cat":[182],"product_tag":[],"class_list":{"0":"post-16211","1":"product","2":"type-product","3":"status-publish","4":"has-post-thumbnail","6":"product_cat-muc-in-laser","8":"first","9":"instock","10":"shipping-taxable","11":"product-type-simple"},"_links":{"self":[{"href":"https:\/\/legiavanphongpham.com\/index.php\/wp-json\/wp\/v2\/product\/16211","targetHints":{"allow":["GET"]}}],"collection":[{"href":"https:\/\/legiavanphongpham.com\/index.php\/wp-json\/wp\/v2\/product"}],"about":[{"href":"https:\/\/legiavanphongpham.com\/index.php\/wp-json\/wp\/v2\/types\/product"}],"replies":[{"embeddable":true,"href":"https:\/\/legiavanphongpham.com\/index.php\/wp-json\/wp\/v2\/comments?post=16211"}],"wp:featuredmedia":[{"embeddable":true,"href":"https:\/\/legiavanphongpham.com\/index.php\/wp-json\/wp\/v2\/media\/16932"}],"wp:attachment":[{"href":"https:\/\/legiavanphongpham.com\/index.php\/wp-json\/wp\/v2\/media?parent=16211"}],"wp:term":[{"taxonomy":"product_brand","embeddable":true,"href":"https:\/\/legiavanphongpham.com\/index.php\/wp-json\/wp\/v2\/product_brand?post=16211"},{"taxonomy":"product_cat","embeddable":true,"href":"https:\/\/legiavanphongpham.com\/index.php\/wp-json\/wp\/v2\/product_cat?post=16211"},{"taxonomy":"product_tag","embeddable":true,"href":"https:\/\/legiavanphongpham.com\/index.php\/wp-json\/wp\/v2\/product_tag?post=16211"}],"curies":[{"name":"wp","href":"https:\/\/api.w.org\/{rel}","templated":true}]}}