{"id":16212,"date":"2021-08-30T09:06:02","date_gmt":"2021-08-30T02:06:02","guid":{"rendered":"https:\/\/legiavanphongpham.com\/?post_type=product&#038;p=16212"},"modified":"2021-08-31T14:50:49","modified_gmt":"2021-08-31T07:50:49","slug":"hp-cf-237a","status":"publish","type":"product","link":"https:\/\/legiavanphongpham.com\/index.php\/product\/hp-cf-237a\/","title":{"rendered":"HP CF 237A"},"content":{"rendered":"<p><strong>M\u1ef1ch\u1ed9pm\u00e1y in laser HP CF237A\u00a0<\/strong>ch\u00ednhh\u00e3ng\u0111\u01b0\u1ee3cc\u00e1cchuy\u00eangia in \u1ea5nkhuy\u00eand\u00f9ngchothi\u1ebftb\u1ecb in. \u01afu\u0111i\u1ec3mc\u1ee7am\u1ef1c in HP l\u00e0\u0111\u00e1p\u1ee9ngc\u00e1cth\u00f4ngs\u1ed1k\u1ef9thu\u1eadtch\u00ednhx\u00e1c, \u00edtg\u00e2ym\u1ef1cth\u1eebal\u00e3ngph\u00edv\u00e0gi\u00fapm\u00e1y in v\u1eadnh\u00e0nhb\u1ec1nb\u1ec9h\u01a1n. HP CF237A (37A) \u0111\u01b0\u1ee3cthi\u1ebftk\u1ebfd\u00e0nhchoc\u00e1cd\u00f2ngm\u00e1y in HP Laserjet Pro M607, M608, M609, \u0111\u1eb7cbi\u1ec7tkh\u00e1th\u00e2nthi\u1ec7nv\u1edbim\u00f4itr\u01b0\u1eddngv\u00e0ng\u01b0\u1eddid\u00f9ng.<\/p>\n","protected":false},"excerpt":{"rendered":"<p>M\u1ef1ch\u1ed9pm\u00e1y in laser HP CF237A\u00a0ch\u00ednhh\u00e3ng\u0111\u01b0\u1ee3cc\u00e1cchuy\u00eangia in \u1ea5nkhuy\u00eand\u00f9ngchothi\u1ebftb\u1ecb in. \u01afu\u0111i\u1ec3mc\u1ee7am\u1ef1c in HP l\u00e0\u0111\u00e1p\u1ee9ngc\u00e1cth\u00f4ngs\u1ed1k\u1ef9thu\u1eadtch\u00ednhx\u00e1c, \u00edtg\u00e2ym\u1ef1cth\u1eebal\u00e3ngph\u00edv\u00e0gi\u00fapm\u00e1y in v\u1eadnh\u00e0nhb\u1ec1nb\u1ec9h\u01a1n. HP CF237A (37A) \u0111\u01b0\u1ee3cthi\u1ebftk\u1ebfd\u00e0nhchoc\u00e1cd\u00f2ngm\u00e1y in HP Laserjet Pro M607, M608, M609, \u0111\u1eb7cbi\u1ec7tkh\u00e1th\u00e2nthi\u1ec7nv\u1edbim\u00f4itr\u01b0\u1eddngv\u00e0ng\u01b0\u1eddid\u00f9ng.<\/p>\n","protected":false},"featured_media":16917,"comment_status":"open","ping_status":"closed","template":"","meta":[],"product_brand":[],"product_cat":[182],"product_tag":[],"class_list":{"0":"post-16212","1":"product","2":"type-product","3":"status-publish","4":"has-post-thumbnail","6":"product_cat-muc-in-laser","8":"first","9":"instock","10":"shipping-taxable","11":"product-type-simple"},"_links":{"self":[{"href":"https:\/\/legiavanphongpham.com\/index.php\/wp-json\/wp\/v2\/product\/16212","targetHints":{"allow":["GET"]}}],"collection":[{"href":"https:\/\/legiavanphongpham.com\/index.php\/wp-json\/wp\/v2\/product"}],"about":[{"href":"https:\/\/legiavanphongpham.com\/index.php\/wp-json\/wp\/v2\/types\/product"}],"replies":[{"embeddable":true,"href":"https:\/\/legiavanphongpham.com\/index.php\/wp-json\/wp\/v2\/comments?post=16212"}],"wp:featuredmedia":[{"embeddable":true,"href":"https:\/\/legiavanphongpham.com\/index.php\/wp-json\/wp\/v2\/media\/16917"}],"wp:attachment":[{"href":"https:\/\/legiavanphongpham.com\/index.php\/wp-json\/wp\/v2\/media?parent=16212"}],"wp:term":[{"taxonomy":"product_brand","embeddable":true,"href":"https:\/\/legiavanphongpham.com\/index.php\/wp-json\/wp\/v2\/product_brand?post=16212"},{"taxonomy":"product_cat","embeddable":true,"href":"https:\/\/legiavanphongpham.com\/index.php\/wp-json\/wp\/v2\/product_cat?post=16212"},{"taxonomy":"product_tag","embeddable":true,"href":"https:\/\/legiavanphongpham.com\/index.php\/wp-json\/wp\/v2\/product_tag?post=16212"}],"curies":[{"name":"wp","href":"https:\/\/api.w.org\/{rel}","templated":true}]}}