{"id":17028,"date":"2021-09-01T08:08:45","date_gmt":"2021-09-01T01:08:45","guid":{"rendered":"https:\/\/legiavanphongpham.com\/?post_type=product&#038;p=17028"},"modified":"2021-09-01T08:08:45","modified_gmt":"2021-09-01T01:08:45","slug":"may-lanh-daikin-inverter-1-5-hp-atka35uavmv","status":"publish","type":"product","link":"https:\/\/legiavanphongpham.com\/index.php\/product\/may-lanh-daikin-inverter-1-5-hp-atka35uavmv\/","title":{"rendered":"M\u00e1y l\u1ea1nh Daikin Inverter 1.5 HP ATKA35UAVMV"},"content":{"rendered":"<ul>\n<li>C\u00f4ng su\u1ea5t 1.5HP l\u00e0m l\u1ea1nh hi\u1ec7u qu\u1ea3 di\u1ec7n t\u00edch ph\u00f2ng 15 &#8211; 20m2<\/li>\n<li>Ti\u1ebft ki\u1ec7m \u0111i\u1ec7n n\u0103ng v\u1edbi c\u00f4ng ngh\u1ec7 Inverter v\u00e0 ch\u1ebf \u0111\u1ed9 Econo<\/li>\n<li>K\u00edch ho\u1ea1t ch\u1ebf \u0111\u1ed9 Powerful cho c\u1ea3m gi\u00e1c m\u00e1t l\u1ea1nh t\u1ee9c th\u00ec<\/li>\n<li>Ch\u1ebf \u0111\u1ed9 th\u1ed5i gi\u00f3 d\u1ec5 ch\u1ecbu tr\u00e1nh gi\u00f3 l\u00f9a tr\u1ef1c ti\u1ebfp v\u00e0o c\u01a1 th\u1ec3<\/li>\n<li>L\u01b0\u1edbi l\u1ecdc b\u1ee5i th\u00f4 lo\u1ea1i b\u1ecf b\u1ee5i b\u1ea9n cho kh\u00f4ng kh\u00ed trong l\u00e0nh<\/li>\n<li>H\u1eb9n gi\u1edd b\u1eadt t\u1eaft m\u00e1y cho b\u1ea1n y\u00ean t\u00e2m ngon gi\u1ea5c m\u1ed7i \u0111\u00eam<\/li>\n<li>Ti\u1ec7n l\u1ee3i h\u01a1n v\u1edbi t\u00ednh n\u0103ng t\u1ef1 kh\u1edfi \u0111\u1ed9ng l\u1ea1i khi c\u00f3 \u0111i\u1ec7n<\/li>\n<\/ul>\n","protected":false},"excerpt":{"rendered":"<p>C\u00f4ng su\u1ea5t 1.5HP l\u00e0m l\u1ea1nh hi\u1ec7u qu\u1ea3 di\u1ec7n t\u00edch ph\u00f2ng 15 &#8211; 20m2 Ti\u1ebft ki\u1ec7m \u0111i\u1ec7n n\u0103ng v\u1edbi c\u00f4ng ngh\u1ec7 Inverter v\u00e0 ch\u1ebf \u0111\u1ed9 Econo K\u00edch ho\u1ea1t ch\u1ebf \u0111\u1ed9 Powerful cho c\u1ea3m gi\u00e1c m\u00e1t l\u1ea1nh t\u1ee9c th\u00ec Ch\u1ebf \u0111\u1ed9 th\u1ed5i gi\u00f3 d\u1ec5 ch\u1ecbu tr\u00e1nh gi\u00f3 l\u00f9a tr\u1ef1c ti\u1ebfp v\u00e0o c\u01a1 th\u1ec3 L\u01b0\u1edbi l\u1ecdc b\u1ee5i th\u00f4 [&hellip;]<\/p>\n","protected":false},"featured_media":17029,"comment_status":"open","ping_status":"closed","template":"","meta":[],"product_brand":[],"product_cat":[188],"product_tag":[],"class_list":{"0":"post-17028","1":"product","2":"type-product","3":"status-publish","4":"has-post-thumbnail","6":"product_cat-may-lanh","8":"first","9":"instock","10":"shipping-taxable","11":"product-type-simple"},"_links":{"self":[{"href":"https:\/\/legiavanphongpham.com\/index.php\/wp-json\/wp\/v2\/product\/17028","targetHints":{"allow":["GET"]}}],"collection":[{"href":"https:\/\/legiavanphongpham.com\/index.php\/wp-json\/wp\/v2\/product"}],"about":[{"href":"https:\/\/legiavanphongpham.com\/index.php\/wp-json\/wp\/v2\/types\/product"}],"replies":[{"embeddable":true,"href":"https:\/\/legiavanphongpham.com\/index.php\/wp-json\/wp\/v2\/comments?post=17028"}],"wp:featuredmedia":[{"embeddable":true,"href":"https:\/\/legiavanphongpham.com\/index.php\/wp-json\/wp\/v2\/media\/17029"}],"wp:attachment":[{"href":"https:\/\/legiavanphongpham.com\/index.php\/wp-json\/wp\/v2\/media?parent=17028"}],"wp:term":[{"taxonomy":"product_brand","embeddable":true,"href":"https:\/\/legiavanphongpham.com\/index.php\/wp-json\/wp\/v2\/product_brand?post=17028"},{"taxonomy":"product_cat","embeddable":true,"href":"https:\/\/legiavanphongpham.com\/index.php\/wp-json\/wp\/v2\/product_cat?post=17028"},{"taxonomy":"product_tag","embeddable":true,"href":"https:\/\/legiavanphongpham.com\/index.php\/wp-json\/wp\/v2\/product_tag?post=17028"}],"curies":[{"name":"wp","href":"https:\/\/api.w.org\/{rel}","templated":true}]}}