{"id":17049,"date":"2021-09-01T08:17:25","date_gmt":"2021-09-01T01:17:25","guid":{"rendered":"https:\/\/legiavanphongpham.com\/?post_type=product&#038;p=17049"},"modified":"2021-09-01T08:17:25","modified_gmt":"2021-09-01T01:17:25","slug":"may-loc-nuoc-nong-lanh-korihome-wpk-818","status":"publish","type":"product","link":"https:\/\/legiavanphongpham.com\/index.php\/product\/may-loc-nuoc-nong-lanh-korihome-wpk-818\/","title":{"rendered":"M\u00e1y l\u1ecdc n\u01b0\u1edbc n\u00f3ng l\u1ea1nh Korihome WPK-818"},"content":{"rendered":"<ul>\n<li>Thi\u1ebft k\u1ebf sang tr\u1ecdng, ph\u00f9 h\u1ee3p v\u1edbi m\u1ecdi kh\u00f4ng gian n\u1ed9i th\u1ea5t<\/li>\n<li>B\u00ecnh ch\u1ee9a n\u01b0\u1edbc b\u1eb1ng inox, v\u00f2i n\u01b0\u1edbc n\u00f3ng c\u00f3 ph\u00edm kh\u00f3a an to\u00e0n<\/li>\n<li>H\u1ec7 th\u1ed1ng\u00a06 l\u00f5i cung c\u1ea5p vi kho\u00e1ng ch\u1ea5t cho n\u01b0\u1edbc tinh khi\u1ebft<\/li>\n<li>C\u1ea3m bi\u1ebfn Eco t\u0103ng kh\u1ea3 n\u0103ng ti\u1ebft ki\u1ec7m \u0111i\u1ec7n t\u1ed1i \u0111a<\/li>\n<li>Khay h\u1ee9ng n\u01b0\u1edbc th\u1eeba c\u00f3 th\u1ec3 th\u00e1o r\u1eddi \u0111\u1ec3 v\u1ec7 sinh<\/li>\n<\/ul>\n","protected":false},"excerpt":{"rendered":"<p>Thi\u1ebft k\u1ebf sang tr\u1ecdng, ph\u00f9 h\u1ee3p v\u1edbi m\u1ecdi kh\u00f4ng gian n\u1ed9i th\u1ea5t B\u00ecnh ch\u1ee9a n\u01b0\u1edbc b\u1eb1ng inox, v\u00f2i n\u01b0\u1edbc n\u00f3ng c\u00f3 ph\u00edm kh\u00f3a an to\u00e0n H\u1ec7 th\u1ed1ng\u00a06 l\u00f5i cung c\u1ea5p vi kho\u00e1ng ch\u1ea5t cho n\u01b0\u1edbc tinh khi\u1ebft C\u1ea3m bi\u1ebfn Eco t\u0103ng kh\u1ea3 n\u0103ng ti\u1ebft ki\u1ec7m \u0111i\u1ec7n t\u1ed1i \u0111a Khay h\u1ee9ng n\u01b0\u1edbc th\u1eeba c\u00f3 th\u1ec3 th\u00e1o [&hellip;]<\/p>\n","protected":false},"featured_media":17044,"comment_status":"open","ping_status":"closed","template":"","meta":[],"product_brand":[],"product_cat":[187],"product_tag":[],"class_list":{"0":"post-17049","1":"product","2":"type-product","3":"status-publish","4":"has-post-thumbnail","6":"product_cat-may-uong-nuoc-nong-lanh","8":"first","9":"instock","10":"shipping-taxable","11":"product-type-simple"},"_links":{"self":[{"href":"https:\/\/legiavanphongpham.com\/index.php\/wp-json\/wp\/v2\/product\/17049","targetHints":{"allow":["GET"]}}],"collection":[{"href":"https:\/\/legiavanphongpham.com\/index.php\/wp-json\/wp\/v2\/product"}],"about":[{"href":"https:\/\/legiavanphongpham.com\/index.php\/wp-json\/wp\/v2\/types\/product"}],"replies":[{"embeddable":true,"href":"https:\/\/legiavanphongpham.com\/index.php\/wp-json\/wp\/v2\/comments?post=17049"}],"wp:featuredmedia":[{"embeddable":true,"href":"https:\/\/legiavanphongpham.com\/index.php\/wp-json\/wp\/v2\/media\/17044"}],"wp:attachment":[{"href":"https:\/\/legiavanphongpham.com\/index.php\/wp-json\/wp\/v2\/media?parent=17049"}],"wp:term":[{"taxonomy":"product_brand","embeddable":true,"href":"https:\/\/legiavanphongpham.com\/index.php\/wp-json\/wp\/v2\/product_brand?post=17049"},{"taxonomy":"product_cat","embeddable":true,"href":"https:\/\/legiavanphongpham.com\/index.php\/wp-json\/wp\/v2\/product_cat?post=17049"},{"taxonomy":"product_tag","embeddable":true,"href":"https:\/\/legiavanphongpham.com\/index.php\/wp-json\/wp\/v2\/product_tag?post=17049"}],"curies":[{"name":"wp","href":"https:\/\/api.w.org\/{rel}","templated":true}]}}