{"id":17051,"date":"2021-09-01T08:18:25","date_gmt":"2021-09-01T01:18:25","guid":{"rendered":"https:\/\/legiavanphongpham.com\/?post_type=product&#038;p=17051"},"modified":"2021-09-01T08:18:25","modified_gmt":"2021-09-01T01:18:25","slug":"may-loc-nuoc-nong-lanh-karofi-kad-d66","status":"publish","type":"product","link":"https:\/\/legiavanphongpham.com\/index.php\/product\/may-loc-nuoc-nong-lanh-karofi-kad-d66\/","title":{"rendered":"M\u00e1y l\u1ecdc n\u01b0\u1edbc n\u00f3ng l\u1ea1nh Karofi KAD-D66"},"content":{"rendered":"<ul>\n<li>M\u00e1y l\u1ecdc n\u01b0\u1edbc n\u00f3ng l\u1ea1nh Karofi ph\u1ee5c v\u1ee5 t\u1ed1t nhu c\u1ea7u: pha s\u1eefa, tr\u00e0, c\u00e0 ph\u00ea,&#8230;<\/li>\n<li>C\u00f4ng ngh\u1ec7 b\u1ea3o v\u1ec7 nhi\u1ec7t \u0111a l\u1edbp gi\u00fap ti\u1ebft ki\u1ec7m \u0111i\u1ec7n n\u0103ng l\u00ean \u0111\u1ebfn 30%<\/li>\n<li>H\u1ec7 th\u1ed1ng 10 l\u00f5i l\u1ecdc m\u1ea1nh m\u1ebd t\u0103ng l\u01b0u l\u01b0\u1ee3ng n\u01b0\u1edbc \u0111\u1ea7u ra g\u1ea5p 1,5 l\u1ea7n<\/li>\n<li>T\u1ed1i \u01b0u h\u00f3a c\u00e1c c\u00fat n\u1ed1i gi\u1ea3m thi\u1ec3u 83% v\u1ea5n \u0111\u1ec1 r\u00f2 r\u1ec9, t\u00e1i nhi\u1ec5m khu\u1ea9n cho n\u01b0\u1edbc<\/li>\n<li>N\u01b0\u1edbc sau l\u1ecdc \u0111\u1ea1t chu\u1ea9n qu\u1ed1c gia n\u01b0\u1edbc u\u1ed1ng tr\u1ef1c ti\u1ebfp QCVN 6-1:2010 BYT<\/li>\n<\/ul>\n","protected":false},"excerpt":{"rendered":"<p>M\u00e1y l\u1ecdc n\u01b0\u1edbc n\u00f3ng l\u1ea1nh Karofi ph\u1ee5c v\u1ee5 t\u1ed1t nhu c\u1ea7u: pha s\u1eefa, tr\u00e0, c\u00e0 ph\u00ea,&#8230; C\u00f4ng ngh\u1ec7 b\u1ea3o v\u1ec7 nhi\u1ec7t \u0111a l\u1edbp gi\u00fap ti\u1ebft ki\u1ec7m \u0111i\u1ec7n n\u0103ng l\u00ean \u0111\u1ebfn 30% H\u1ec7 th\u1ed1ng 10 l\u00f5i l\u1ecdc m\u1ea1nh m\u1ebd t\u0103ng l\u01b0u l\u01b0\u1ee3ng n\u01b0\u1edbc \u0111\u1ea7u ra g\u1ea5p 1,5 l\u1ea7n T\u1ed1i \u01b0u h\u00f3a c\u00e1c c\u00fat n\u1ed1i gi\u1ea3m thi\u1ec3u [&hellip;]<\/p>\n","protected":false},"featured_media":17043,"comment_status":"open","ping_status":"closed","template":"","meta":[],"product_brand":[],"product_cat":[187],"product_tag":[],"class_list":{"0":"post-17051","1":"product","2":"type-product","3":"status-publish","4":"has-post-thumbnail","6":"product_cat-may-uong-nuoc-nong-lanh","8":"first","9":"instock","10":"shipping-taxable","11":"product-type-simple"},"_links":{"self":[{"href":"https:\/\/legiavanphongpham.com\/index.php\/wp-json\/wp\/v2\/product\/17051","targetHints":{"allow":["GET"]}}],"collection":[{"href":"https:\/\/legiavanphongpham.com\/index.php\/wp-json\/wp\/v2\/product"}],"about":[{"href":"https:\/\/legiavanphongpham.com\/index.php\/wp-json\/wp\/v2\/types\/product"}],"replies":[{"embeddable":true,"href":"https:\/\/legiavanphongpham.com\/index.php\/wp-json\/wp\/v2\/comments?post=17051"}],"wp:featuredmedia":[{"embeddable":true,"href":"https:\/\/legiavanphongpham.com\/index.php\/wp-json\/wp\/v2\/media\/17043"}],"wp:attachment":[{"href":"https:\/\/legiavanphongpham.com\/index.php\/wp-json\/wp\/v2\/media?parent=17051"}],"wp:term":[{"taxonomy":"product_brand","embeddable":true,"href":"https:\/\/legiavanphongpham.com\/index.php\/wp-json\/wp\/v2\/product_brand?post=17051"},{"taxonomy":"product_cat","embeddable":true,"href":"https:\/\/legiavanphongpham.com\/index.php\/wp-json\/wp\/v2\/product_cat?post=17051"},{"taxonomy":"product_tag","embeddable":true,"href":"https:\/\/legiavanphongpham.com\/index.php\/wp-json\/wp\/v2\/product_tag?post=17051"}],"curies":[{"name":"wp","href":"https:\/\/api.w.org\/{rel}","templated":true}]}}