{"id":17071,"date":"2021-09-01T08:28:16","date_gmt":"2021-09-01T01:28:16","guid":{"rendered":"https:\/\/legiavanphongpham.com\/?post_type=product&#038;p=17071"},"modified":"2021-09-01T08:28:17","modified_gmt":"2021-09-01T01:28:17","slug":"tu-lanh-lg-inverter-613-lit-gr-b247wb","status":"publish","type":"product","link":"https:\/\/legiavanphongpham.com\/index.php\/product\/tu-lanh-lg-inverter-613-lit-gr-b247wb\/","title":{"rendered":"T\u1ee7 l\u1ea1nh LG Inverter 613 L\u00edt GR-B247WB"},"content":{"rendered":"<ul>\n<li>Dung t\u00edch 613 l\u00edt mang \u0111\u1ebfn kh\u1ea3 n\u0103ng l\u01b0u tr\u1eef n\u1ed5i b\u1eadt<\/li>\n<li>Linear Inverter v\u1eadn h\u00e0nh hi\u1ec7u qu\u1ea3, t\u1ed1n \u00edt \u0111i\u1ec7n n\u0103ng<\/li>\n<li>L\u00e0m l\u1ea1nh \u0111a chi\u1ec1u, \u0111\u1ea3m b\u1ea3o ch\u1ea5t l\u01b0\u1ee3ng c\u1ee7a th\u1ef1c ph\u1ea9m<\/li>\n<li>\u0110i\u1ec1u khi\u1ec3n d\u1ec5 d\u00e0ng h\u01a1n v\u1edbi b\u1ea3ng c\u1ea3m \u1ee9ng tr\u00ean c\u1eeda t\u1ee7<\/li>\n<li>Kh\u1eed m\u00f9i kh\u00e1ng khu\u1ea9n t\u1ed1i \u01b0u h\u01a1n v\u1edbi b\u1ed9 l\u1ecdc Nano Carbon<\/li>\n<li>Thi\u1ebft k\u1ebf Side by Side thu\u1eadn ti\u1ec7n cho vi\u1ec7c s\u1eafp x\u1ebfp th\u1ee9c \u0103n<\/li>\n<li>\u0110em l\u1ea1i v\u1ebb tinh t\u1ebf cho kh\u00f4ng gian s\u1ed1ng c\u1ee7a gia \u0111\u00ecnh b\u1ea1n<\/li>\n<\/ul>\n","protected":false},"excerpt":{"rendered":"<p>Dung t\u00edch 613 l\u00edt mang \u0111\u1ebfn kh\u1ea3 n\u0103ng l\u01b0u tr\u1eef n\u1ed5i b\u1eadt Linear Inverter v\u1eadn h\u00e0nh hi\u1ec7u qu\u1ea3, t\u1ed1n \u00edt \u0111i\u1ec7n n\u0103ng L\u00e0m l\u1ea1nh \u0111a chi\u1ec1u, \u0111\u1ea3m b\u1ea3o ch\u1ea5t l\u01b0\u1ee3ng c\u1ee7a th\u1ef1c ph\u1ea9m \u0110i\u1ec1u khi\u1ec3n d\u1ec5 d\u00e0ng h\u01a1n v\u1edbi b\u1ea3ng c\u1ea3m \u1ee9ng tr\u00ean c\u1eeda t\u1ee7 Kh\u1eed m\u00f9i kh\u00e1ng khu\u1ea9n t\u1ed1i \u01b0u h\u01a1n v\u1edbi b\u1ed9 l\u1ecdc [&hellip;]<\/p>\n","protected":false},"featured_media":17056,"comment_status":"open","ping_status":"closed","template":"","meta":[],"product_brand":[],"product_cat":[189],"product_tag":[],"class_list":{"0":"post-17071","1":"product","2":"type-product","3":"status-publish","4":"has-post-thumbnail","6":"product_cat-tu-lanh","8":"first","9":"instock","10":"shipping-taxable","11":"product-type-simple"},"_links":{"self":[{"href":"https:\/\/legiavanphongpham.com\/index.php\/wp-json\/wp\/v2\/product\/17071","targetHints":{"allow":["GET"]}}],"collection":[{"href":"https:\/\/legiavanphongpham.com\/index.php\/wp-json\/wp\/v2\/product"}],"about":[{"href":"https:\/\/legiavanphongpham.com\/index.php\/wp-json\/wp\/v2\/types\/product"}],"replies":[{"embeddable":true,"href":"https:\/\/legiavanphongpham.com\/index.php\/wp-json\/wp\/v2\/comments?post=17071"}],"wp:featuredmedia":[{"embeddable":true,"href":"https:\/\/legiavanphongpham.com\/index.php\/wp-json\/wp\/v2\/media\/17056"}],"wp:attachment":[{"href":"https:\/\/legiavanphongpham.com\/index.php\/wp-json\/wp\/v2\/media?parent=17071"}],"wp:term":[{"taxonomy":"product_brand","embeddable":true,"href":"https:\/\/legiavanphongpham.com\/index.php\/wp-json\/wp\/v2\/product_brand?post=17071"},{"taxonomy":"product_cat","embeddable":true,"href":"https:\/\/legiavanphongpham.com\/index.php\/wp-json\/wp\/v2\/product_cat?post=17071"},{"taxonomy":"product_tag","embeddable":true,"href":"https:\/\/legiavanphongpham.com\/index.php\/wp-json\/wp\/v2\/product_tag?post=17071"}],"curies":[{"name":"wp","href":"https:\/\/api.w.org\/{rel}","templated":true}]}}