{"id":17085,"date":"2021-09-01T08:34:44","date_gmt":"2021-09-01T01:34:44","guid":{"rendered":"https:\/\/legiavanphongpham.com\/?post_type=product&#038;p=17085"},"modified":"2021-09-01T08:34:44","modified_gmt":"2021-09-01T01:34:44","slug":"android-tivi-sony-4k-50-inch-kd-50x75-vn3","status":"publish","type":"product","link":"https:\/\/legiavanphongpham.com\/index.php\/product\/android-tivi-sony-4k-50-inch-kd-50x75-vn3\/","title":{"rendered":"Android Tivi Sony 4K 50 inch KD-50X75 VN3"},"content":{"rendered":"<ul>\n<li>Tivi Sony c\u00f3 \u0111\u1ed9 ph\u00e2n gi\u1ea3i 4K hi\u1ec3n th\u1ecb h\u00ecnh \u1ea3nh s\u1eafc n\u00e9t g\u1ea5p 4 l\u1ea7n Full HD<\/li>\n<li>B\u1ed9 x\u1eed l\u00fd X1 4K HDR Processor gi\u1ea3m nhi\u1ec5u, n\u00e2ng cao ch\u1ea5t l\u01b0\u1ee3ng h\u00ecnh \u1ea3nh<\/li>\n<li>C\u00f4ng ngh\u1ec7 Direct LED Frame Dimming\u00a0t\u0103ng \u0111\u1ed9 t\u01b0\u01a1ng ph\u1ea3n cho h\u00ecnh \u1ea3nh<\/li>\n<li>H\u1ed7 tr\u1ee3\u00a0<a href=\"https:\/\/www.nguyenkim.com\/tat-tan-tat-nhung-gi-ban-can-biet-ve-tivi-hdr-hdr10-va-hdr10.html\"><strong>HDR10<\/strong><\/a>, HLG t\u0103ng chi ti\u1ebft h\u00ecnh \u1ea3nh, s\u1eafc tr\u1eafng tinh khi\u1ebft, s\u1eafc \u0111en s\u00e2u<\/li>\n<li>C\u00f4ng ngh\u1ec7 XR200, Auto mode cho h\u00ecnh \u1ea3nh chuy\u1ec3n \u0111\u1ed9ng nhanh m\u01b0\u1ee3t m\u00e0<\/li>\n<li>Th\u01b0\u1edfng th\u1ee9c \u00e2m thanh v\u00f2m s\u1ed1ng \u0111\u1ed9ng v\u1edbi c\u00f4ng ngh\u1ec7 \u00e2m thanh Dolby Audio<\/li>\n<li>Cho ph\u00e9p t\u00f9y ch\u1ecdn \u00e2m thanh theo n\u1ed9i dung xem phim, ca nh\u1ea1c, b\u00f3ng \u0111\u00e1,&#8230;<\/li>\n<li>Android Tivi s\u1edf h\u1eefu h\u1ec7 \u0111i\u1ec1u h\u00e0nh Android 10 v\u1edbi kho \u1ee9ng d\u1ee5ng gi\u1ea3i tr\u00ed \u0111a d\u1ea1ng<\/li>\n<\/ul>\n","protected":false},"excerpt":{"rendered":"<p>Tivi Sony c\u00f3 \u0111\u1ed9 ph\u00e2n gi\u1ea3i 4K hi\u1ec3n th\u1ecb h\u00ecnh \u1ea3nh s\u1eafc n\u00e9t g\u1ea5p 4 l\u1ea7n Full HD B\u1ed9 x\u1eed l\u00fd X1 4K HDR Processor gi\u1ea3m nhi\u1ec5u, n\u00e2ng cao ch\u1ea5t l\u01b0\u1ee3ng h\u00ecnh \u1ea3nh C\u00f4ng ngh\u1ec7 Direct LED Frame Dimming\u00a0t\u0103ng \u0111\u1ed9 t\u01b0\u01a1ng ph\u1ea3n cho h\u00ecnh \u1ea3nh H\u1ed7 tr\u1ee3\u00a0HDR10, HLG t\u0103ng chi ti\u1ebft h\u00ecnh \u1ea3nh, s\u1eafc tr\u1eafng [&hellip;]<\/p>\n","protected":false},"featured_media":17074,"comment_status":"open","ping_status":"closed","template":"","meta":[],"product_brand":[],"product_cat":[190],"product_tag":[],"class_list":{"0":"post-17085","1":"product","2":"type-product","3":"status-publish","4":"has-post-thumbnail","6":"product_cat-tivi","8":"first","9":"instock","10":"shipping-taxable","11":"product-type-simple"},"_links":{"self":[{"href":"https:\/\/legiavanphongpham.com\/index.php\/wp-json\/wp\/v2\/product\/17085","targetHints":{"allow":["GET"]}}],"collection":[{"href":"https:\/\/legiavanphongpham.com\/index.php\/wp-json\/wp\/v2\/product"}],"about":[{"href":"https:\/\/legiavanphongpham.com\/index.php\/wp-json\/wp\/v2\/types\/product"}],"replies":[{"embeddable":true,"href":"https:\/\/legiavanphongpham.com\/index.php\/wp-json\/wp\/v2\/comments?post=17085"}],"wp:featuredmedia":[{"embeddable":true,"href":"https:\/\/legiavanphongpham.com\/index.php\/wp-json\/wp\/v2\/media\/17074"}],"wp:attachment":[{"href":"https:\/\/legiavanphongpham.com\/index.php\/wp-json\/wp\/v2\/media?parent=17085"}],"wp:term":[{"taxonomy":"product_brand","embeddable":true,"href":"https:\/\/legiavanphongpham.com\/index.php\/wp-json\/wp\/v2\/product_brand?post=17085"},{"taxonomy":"product_cat","embeddable":true,"href":"https:\/\/legiavanphongpham.com\/index.php\/wp-json\/wp\/v2\/product_cat?post=17085"},{"taxonomy":"product_tag","embeddable":true,"href":"https:\/\/legiavanphongpham.com\/index.php\/wp-json\/wp\/v2\/product_tag?post=17085"}],"curies":[{"name":"wp","href":"https:\/\/api.w.org\/{rel}","templated":true}]}}