{"id":17676,"date":"2021-09-20T16:59:15","date_gmt":"2021-09-20T09:59:15","guid":{"rendered":"https:\/\/legiavanphongpham.com\/?post_type=product&#038;p=17676"},"modified":"2021-09-20T16:59:15","modified_gmt":"2021-09-20T09:59:15","slug":"dt2010h24","status":"publish","type":"product","link":"https:\/\/legiavanphongpham.com\/index.php\/product\/dt2010h24\/","title":{"rendered":"DT2010H24"},"content":{"rendered":"<p>B\u00e0n l\u00e3nh \u0111\u1ea1o\u00a0m\u1eb7t s\u01a1n PU cao c\u1ea5p, m\u1eb7t b\u00e0n l\u01b0\u1ee3n cong.<\/p>\n<p>Ch\u00e2n b\u00e0n \u0111\u01b0\u1ee3c trang tr\u00ed \u1ed1p n\u1ed5i.<\/p>\n<p>&nbsp;<\/p>\n<p>K\u00edch Th\u01b0\u1edbc:<\/p>\n<p>DT1890H24: W1800 x D900 x H760 (mm)<\/p>\n<p>DT2010H24: W2000 x D1000 x H760 (mm).<\/p>\n","protected":false},"excerpt":{"rendered":"<p>B\u00e0n l\u00e3nh \u0111\u1ea1o\u00a0m\u1eb7t s\u01a1n PU cao c\u1ea5p, m\u1eb7t b\u00e0n l\u01b0\u1ee3n cong. Ch\u00e2n b\u00e0n \u0111\u01b0\u1ee3c trang tr\u00ed \u1ed1p n\u1ed5i. &nbsp; K\u00edch Th\u01b0\u1edbc: DT1890H24: W1800 x D900 x H760 (mm) DT2010H24: W2000 x D1000 x H760 (mm).<\/p>\n","protected":false},"featured_media":17656,"comment_status":"open","ping_status":"closed","template":"","meta":[],"product_brand":[],"product_cat":[163],"product_tag":[],"class_list":{"0":"post-17676","1":"product","2":"type-product","3":"status-publish","4":"has-post-thumbnail","6":"product_cat-ban-giam-doc","8":"first","9":"instock","10":"shipping-taxable","11":"purchasable","12":"product-type-simple"},"_links":{"self":[{"href":"https:\/\/legiavanphongpham.com\/index.php\/wp-json\/wp\/v2\/product\/17676","targetHints":{"allow":["GET"]}}],"collection":[{"href":"https:\/\/legiavanphongpham.com\/index.php\/wp-json\/wp\/v2\/product"}],"about":[{"href":"https:\/\/legiavanphongpham.com\/index.php\/wp-json\/wp\/v2\/types\/product"}],"replies":[{"embeddable":true,"href":"https:\/\/legiavanphongpham.com\/index.php\/wp-json\/wp\/v2\/comments?post=17676"}],"wp:featuredmedia":[{"embeddable":true,"href":"https:\/\/legiavanphongpham.com\/index.php\/wp-json\/wp\/v2\/media\/17656"}],"wp:attachment":[{"href":"https:\/\/legiavanphongpham.com\/index.php\/wp-json\/wp\/v2\/media?parent=17676"}],"wp:term":[{"taxonomy":"product_brand","embeddable":true,"href":"https:\/\/legiavanphongpham.com\/index.php\/wp-json\/wp\/v2\/product_brand?post=17676"},{"taxonomy":"product_cat","embeddable":true,"href":"https:\/\/legiavanphongpham.com\/index.php\/wp-json\/wp\/v2\/product_cat?post=17676"},{"taxonomy":"product_tag","embeddable":true,"href":"https:\/\/legiavanphongpham.com\/index.php\/wp-json\/wp\/v2\/product_tag?post=17676"}],"curies":[{"name":"wp","href":"https:\/\/api.w.org\/{rel}","templated":true}]}}