{"id":17923,"date":"2021-09-21T13:57:58","date_gmt":"2021-09-21T06:57:58","guid":{"rendered":"https:\/\/legiavanphongpham.com\/?post_type=product&#038;p=17923"},"modified":"2021-09-21T13:57:59","modified_gmt":"2021-09-21T06:57:59","slug":"vn08","status":"publish","type":"product","link":"https:\/\/legiavanphongpham.com\/index.php\/product\/vn08\/","title":{"rendered":"vn08"},"content":{"rendered":"<p>V\u00e1ch ng\u0103n khung nh\u00f4m \u0111\u1ecbnh h\u00ecnh b\u1ec1 m\u1eb7t c\u00f3 m\u00e0u s\u1eafc \u0111\u1eb9p, \u0111\u1ed9 b\u1ec1n m\u00e0u cao. N\u1eafp ch\u1ee5p h\u1ee3p kim nh\u00f4m \u0111\u01b0\u1ee3c s\u01a1n nh\u0169 c\u00f9ng m\u00e0u v\u1edbi v\u00e1ch, t\u0103ng t\u00ednh \u0111\u1ed3ng b\u1ed9 c\u1ee7a s\u1ea3n ph\u1ea9m v\u00e0 c\u00f3 h\u1ed9p k\u1ef9 thu\u1eadt.\u00a0.<\/p>\n<p>(s\u1ea3n ph\u1ea9m c\u00f3 c\u00e1c ch\u1ea5t li\u1ec7u: G\u1ed7 + k\u00ednh, V\u1ea3i + k\u00ednh, V\u1ea3i to\u00e0n b\u1ed9, G\u1ed7 melamine to\u00e0n b\u1ed9, Nh\u00f4m + k\u00ednh)<\/p>\n","protected":false},"excerpt":{"rendered":"<p>V\u00e1ch ng\u0103n khung nh\u00f4m \u0111\u1ecbnh h\u00ecnh b\u1ec1 m\u1eb7t c\u00f3 m\u00e0u s\u1eafc \u0111\u1eb9p, \u0111\u1ed9 b\u1ec1n m\u00e0u cao. N\u1eafp ch\u1ee5p h\u1ee3p kim nh\u00f4m \u0111\u01b0\u1ee3c s\u01a1n nh\u0169 c\u00f9ng m\u00e0u v\u1edbi v\u00e1ch, t\u0103ng t\u00ednh \u0111\u1ed3ng b\u1ed9 c\u1ee7a s\u1ea3n ph\u1ea9m v\u00e0 c\u00f3 h\u1ed9p k\u1ef9 thu\u1eadt.\u00a0. (s\u1ea3n ph\u1ea9m c\u00f3 c\u00e1c ch\u1ea5t li\u1ec7u: G\u1ed7 + k\u00ednh, V\u1ea3i + k\u00ednh, V\u1ea3i to\u00e0n b\u1ed9, [&hellip;]<\/p>\n","protected":false},"featured_media":17920,"comment_status":"open","ping_status":"closed","template":"","meta":[],"product_brand":[],"product_cat":[170],"product_tag":[],"class_list":{"0":"post-17923","1":"product","2":"type-product","3":"status-publish","4":"has-post-thumbnail","6":"product_cat-vach-ngan","8":"first","9":"instock","10":"shipping-taxable","11":"product-type-simple"},"_links":{"self":[{"href":"https:\/\/legiavanphongpham.com\/index.php\/wp-json\/wp\/v2\/product\/17923","targetHints":{"allow":["GET"]}}],"collection":[{"href":"https:\/\/legiavanphongpham.com\/index.php\/wp-json\/wp\/v2\/product"}],"about":[{"href":"https:\/\/legiavanphongpham.com\/index.php\/wp-json\/wp\/v2\/types\/product"}],"replies":[{"embeddable":true,"href":"https:\/\/legiavanphongpham.com\/index.php\/wp-json\/wp\/v2\/comments?post=17923"}],"wp:featuredmedia":[{"embeddable":true,"href":"https:\/\/legiavanphongpham.com\/index.php\/wp-json\/wp\/v2\/media\/17920"}],"wp:attachment":[{"href":"https:\/\/legiavanphongpham.com\/index.php\/wp-json\/wp\/v2\/media?parent=17923"}],"wp:term":[{"taxonomy":"product_brand","embeddable":true,"href":"https:\/\/legiavanphongpham.com\/index.php\/wp-json\/wp\/v2\/product_brand?post=17923"},{"taxonomy":"product_cat","embeddable":true,"href":"https:\/\/legiavanphongpham.com\/index.php\/wp-json\/wp\/v2\/product_cat?post=17923"},{"taxonomy":"product_tag","embeddable":true,"href":"https:\/\/legiavanphongpham.com\/index.php\/wp-json\/wp\/v2\/product_tag?post=17923"}],"curies":[{"name":"wp","href":"https:\/\/api.w.org\/{rel}","templated":true}]}}