{"id":18059,"date":"2021-09-22T14:23:48","date_gmt":"2021-09-22T07:23:48","guid":{"rendered":"https:\/\/legiavanphongpham.com\/?post_type=product&#038;p=18059"},"modified":"2021-09-23T13:42:00","modified_gmt":"2021-09-23T06:42:00","slug":"sg502","status":"publish","type":"product","link":"https:\/\/legiavanphongpham.com\/index.php\/product\/sg502\/","title":{"rendered":"SG502"},"content":{"rendered":"<p>Gh\u1ebf nh\u00e2n vi\u00ean cao c\u1ea5p, khung t\u1ef1a nh\u1ef1a b\u1ecdc Da c\u00f4ng nghi\u1ec7p D18.<\/p>\n<p>Ch\u00e2n v\u00e0 tay gh\u1ebf b\u1eb1ng nh\u1ef1a ho\u1eb7c d\u00f9ng ch\u00e2n th\u00e9p m\u1ea1.<\/p>\n<p>KT: W600 x D520 x H975-1100 mm<\/p>\n","protected":false},"excerpt":{"rendered":"<p>Gh\u1ebf nh\u00e2n vi\u00ean cao c\u1ea5p, khung t\u1ef1a nh\u1ef1a b\u1ecdc Da c\u00f4ng nghi\u1ec7p D18. Ch\u00e2n v\u00e0 tay gh\u1ebf b\u1eb1ng nh\u1ef1a ho\u1eb7c d\u00f9ng ch\u00e2n th\u00e9p m\u1ea1. KT: W600 x D520 x H975-1100 mm<\/p>\n","protected":false},"featured_media":18052,"comment_status":"open","ping_status":"closed","template":"","meta":[],"product_brand":[],"product_cat":[208],"product_tag":[],"class_list":{"0":"post-18059","1":"product","2":"type-product","3":"status-publish","4":"has-post-thumbnail","6":"product_cat-ghe-nhan-vien","8":"first","9":"instock","10":"shipping-taxable","11":"purchasable","12":"product-type-simple"},"_links":{"self":[{"href":"https:\/\/legiavanphongpham.com\/index.php\/wp-json\/wp\/v2\/product\/18059","targetHints":{"allow":["GET"]}}],"collection":[{"href":"https:\/\/legiavanphongpham.com\/index.php\/wp-json\/wp\/v2\/product"}],"about":[{"href":"https:\/\/legiavanphongpham.com\/index.php\/wp-json\/wp\/v2\/types\/product"}],"replies":[{"embeddable":true,"href":"https:\/\/legiavanphongpham.com\/index.php\/wp-json\/wp\/v2\/comments?post=18059"}],"wp:featuredmedia":[{"embeddable":true,"href":"https:\/\/legiavanphongpham.com\/index.php\/wp-json\/wp\/v2\/media\/18052"}],"wp:attachment":[{"href":"https:\/\/legiavanphongpham.com\/index.php\/wp-json\/wp\/v2\/media?parent=18059"}],"wp:term":[{"taxonomy":"product_brand","embeddable":true,"href":"https:\/\/legiavanphongpham.com\/index.php\/wp-json\/wp\/v2\/product_brand?post=18059"},{"taxonomy":"product_cat","embeddable":true,"href":"https:\/\/legiavanphongpham.com\/index.php\/wp-json\/wp\/v2\/product_cat?post=18059"},{"taxonomy":"product_tag","embeddable":true,"href":"https:\/\/legiavanphongpham.com\/index.php\/wp-json\/wp\/v2\/product_tag?post=18059"}],"curies":[{"name":"wp","href":"https:\/\/api.w.org\/{rel}","templated":true}]}}