{"id":18062,"date":"2021-09-22T14:25:26","date_gmt":"2021-09-22T07:25:26","guid":{"rendered":"https:\/\/legiavanphongpham.com\/?post_type=product&#038;p=18062"},"modified":"2021-09-23T13:41:26","modified_gmt":"2021-09-23T06:41:26","slug":"sg529","status":"publish","type":"product","link":"https:\/\/legiavanphongpham.com\/index.php\/product\/sg529\/","title":{"rendered":"SG529"},"content":{"rendered":"<p>Gh\u1ebf nh\u00e2n vi\u00ean s\u1eed d\u1ee5ng \u0111\u1ec7m t\u1ef1a nh\u1ef1a c\u00f3 m\u00fat b\u1ecdc v\u1ea3i (gh\u1ebf kh\u00f4ng d\u00f9ng tay).<\/p>\n<p>KT: W455 x D470 x H795\u00f7920 (mm).<\/p>\n","protected":false},"excerpt":{"rendered":"<p>Gh\u1ebf nh\u00e2n vi\u00ean s\u1eed d\u1ee5ng \u0111\u1ec7m t\u1ef1a nh\u1ef1a c\u00f3 m\u00fat b\u1ecdc v\u1ea3i (gh\u1ebf kh\u00f4ng d\u00f9ng tay). KT: W455 x D470 x H795\u00f7920 (mm).<\/p>\n","protected":false},"featured_media":18054,"comment_status":"open","ping_status":"closed","template":"","meta":[],"product_brand":[],"product_cat":[208],"product_tag":[],"class_list":{"0":"post-18062","1":"product","2":"type-product","3":"status-publish","4":"has-post-thumbnail","6":"product_cat-ghe-nhan-vien","8":"first","9":"instock","10":"shipping-taxable","11":"purchasable","12":"product-type-simple"},"_links":{"self":[{"href":"https:\/\/legiavanphongpham.com\/index.php\/wp-json\/wp\/v2\/product\/18062","targetHints":{"allow":["GET"]}}],"collection":[{"href":"https:\/\/legiavanphongpham.com\/index.php\/wp-json\/wp\/v2\/product"}],"about":[{"href":"https:\/\/legiavanphongpham.com\/index.php\/wp-json\/wp\/v2\/types\/product"}],"replies":[{"embeddable":true,"href":"https:\/\/legiavanphongpham.com\/index.php\/wp-json\/wp\/v2\/comments?post=18062"}],"wp:featuredmedia":[{"embeddable":true,"href":"https:\/\/legiavanphongpham.com\/index.php\/wp-json\/wp\/v2\/media\/18054"}],"wp:attachment":[{"href":"https:\/\/legiavanphongpham.com\/index.php\/wp-json\/wp\/v2\/media?parent=18062"}],"wp:term":[{"taxonomy":"product_brand","embeddable":true,"href":"https:\/\/legiavanphongpham.com\/index.php\/wp-json\/wp\/v2\/product_brand?post=18062"},{"taxonomy":"product_cat","embeddable":true,"href":"https:\/\/legiavanphongpham.com\/index.php\/wp-json\/wp\/v2\/product_cat?post=18062"},{"taxonomy":"product_tag","embeddable":true,"href":"https:\/\/legiavanphongpham.com\/index.php\/wp-json\/wp\/v2\/product_tag?post=18062"}],"curies":[{"name":"wp","href":"https:\/\/api.w.org\/{rel}","templated":true}]}}