{"id":18263,"date":"2021-09-24T08:22:16","date_gmt":"2021-09-24T01:22:16","guid":{"rendered":"https:\/\/legiavanphongpham.com\/?post_type=product&#038;p=18263"},"modified":"2021-09-24T08:22:16","modified_gmt":"2021-09-24T01:22:16","slug":"ct5016h1","status":"publish","type":"product","link":"https:\/\/legiavanphongpham.com\/index.php\/product\/ct5016h1\/","title":{"rendered":"CT5016H1"},"content":{"rendered":"<p>B\u00e0n h\u1ecdp qu\u00e2y c\u00f3 \u0111\u1ee3t hoa b\u1eb1ng k\u00ednh \u1edf gi\u1eefa, 4 g\u00f3c b\u00e0n kho\u00e9t l\u01b0\u1ee3n. Ch\u00e2n b\u00e0n gh\u00e9p h\u1ed9p l\u01b0\u1ee3n cong.<\/p>\n<p>KT: W5000 x D1600 x H760 mm<\/p>\n","protected":false},"excerpt":{"rendered":"<p>B\u00e0n h\u1ecdp qu\u00e2y c\u00f3 \u0111\u1ee3t hoa b\u1eb1ng k\u00ednh \u1edf gi\u1eefa, 4 g\u00f3c b\u00e0n kho\u00e9t l\u01b0\u1ee3n. Ch\u00e2n b\u00e0n gh\u00e9p h\u1ed9p l\u01b0\u1ee3n cong. KT: W5000 x D1600 x H760 mm<\/p>\n","protected":false},"featured_media":18264,"comment_status":"open","ping_status":"closed","template":"","meta":[],"product_brand":[],"product_cat":[164],"product_tag":[],"class_list":{"0":"post-18263","1":"product","2":"type-product","3":"status-publish","4":"has-post-thumbnail","6":"product_cat-ban-hop","8":"first","9":"instock","10":"shipping-taxable","11":"purchasable","12":"product-type-simple"},"_links":{"self":[{"href":"https:\/\/legiavanphongpham.com\/index.php\/wp-json\/wp\/v2\/product\/18263","targetHints":{"allow":["GET"]}}],"collection":[{"href":"https:\/\/legiavanphongpham.com\/index.php\/wp-json\/wp\/v2\/product"}],"about":[{"href":"https:\/\/legiavanphongpham.com\/index.php\/wp-json\/wp\/v2\/types\/product"}],"replies":[{"embeddable":true,"href":"https:\/\/legiavanphongpham.com\/index.php\/wp-json\/wp\/v2\/comments?post=18263"}],"wp:featuredmedia":[{"embeddable":true,"href":"https:\/\/legiavanphongpham.com\/index.php\/wp-json\/wp\/v2\/media\/18264"}],"wp:attachment":[{"href":"https:\/\/legiavanphongpham.com\/index.php\/wp-json\/wp\/v2\/media?parent=18263"}],"wp:term":[{"taxonomy":"product_brand","embeddable":true,"href":"https:\/\/legiavanphongpham.com\/index.php\/wp-json\/wp\/v2\/product_brand?post=18263"},{"taxonomy":"product_cat","embeddable":true,"href":"https:\/\/legiavanphongpham.com\/index.php\/wp-json\/wp\/v2\/product_cat?post=18263"},{"taxonomy":"product_tag","embeddable":true,"href":"https:\/\/legiavanphongpham.com\/index.php\/wp-json\/wp\/v2\/product_tag?post=18263"}],"curies":[{"name":"wp","href":"https:\/\/api.w.org\/{rel}","templated":true}]}}