{"id":18272,"date":"2021-09-24T08:30:54","date_gmt":"2021-09-24T01:30:54","guid":{"rendered":"https:\/\/legiavanphongpham.com\/?post_type=product&#038;p=18272"},"modified":"2021-09-24T08:30:54","modified_gmt":"2021-09-24T01:30:54","slug":"ct3012h2","status":"publish","type":"product","link":"https:\/\/legiavanphongpham.com\/index.php\/product\/ct3012h2\/","title":{"rendered":"CT3012H2"},"content":{"rendered":"<p>B\u00e0n h\u1ecdp g\u1ed7 s\u01a1n PU m\u1eb7t gh\u00e9p 2 ph\u1ea7n v\u00e0 c\u00f3 3 ch\u00e2n. M\u1eb7t b\u00e0n h\u00ecnh ch\u1eef nh\u1eadt c\u00f3 \u1ed1p trang tr\u00ed \u1edf d\u01b0\u1edbi m\u1eb7t b\u00e0n, ch\u00e2n b\u00e0n \u0111\u01b0\u1ee3c gh\u00e9p h\u1ed9p.<\/p>\n<p>KT: W3000 x D1200 x H760 mm<\/p>\n","protected":false},"excerpt":{"rendered":"<p>B\u00e0n h\u1ecdp g\u1ed7 s\u01a1n PU m\u1eb7t gh\u00e9p 2 ph\u1ea7n v\u00e0 c\u00f3 3 ch\u00e2n. M\u1eb7t b\u00e0n h\u00ecnh ch\u1eef nh\u1eadt c\u00f3 \u1ed1p trang tr\u00ed \u1edf d\u01b0\u1edbi m\u1eb7t b\u00e0n, ch\u00e2n b\u00e0n \u0111\u01b0\u1ee3c gh\u00e9p h\u1ed9p. KT: W3000 x D1200 x H760 mm<\/p>\n","protected":false},"featured_media":18273,"comment_status":"open","ping_status":"closed","template":"","meta":[],"product_brand":[],"product_cat":[164],"product_tag":[],"class_list":{"0":"post-18272","1":"product","2":"type-product","3":"status-publish","4":"has-post-thumbnail","6":"product_cat-ban-hop","8":"first","9":"instock","10":"shipping-taxable","11":"purchasable","12":"product-type-simple"},"_links":{"self":[{"href":"https:\/\/legiavanphongpham.com\/index.php\/wp-json\/wp\/v2\/product\/18272","targetHints":{"allow":["GET"]}}],"collection":[{"href":"https:\/\/legiavanphongpham.com\/index.php\/wp-json\/wp\/v2\/product"}],"about":[{"href":"https:\/\/legiavanphongpham.com\/index.php\/wp-json\/wp\/v2\/types\/product"}],"replies":[{"embeddable":true,"href":"https:\/\/legiavanphongpham.com\/index.php\/wp-json\/wp\/v2\/comments?post=18272"}],"wp:featuredmedia":[{"embeddable":true,"href":"https:\/\/legiavanphongpham.com\/index.php\/wp-json\/wp\/v2\/media\/18273"}],"wp:attachment":[{"href":"https:\/\/legiavanphongpham.com\/index.php\/wp-json\/wp\/v2\/media?parent=18272"}],"wp:term":[{"taxonomy":"product_brand","embeddable":true,"href":"https:\/\/legiavanphongpham.com\/index.php\/wp-json\/wp\/v2\/product_brand?post=18272"},{"taxonomy":"product_cat","embeddable":true,"href":"https:\/\/legiavanphongpham.com\/index.php\/wp-json\/wp\/v2\/product_cat?post=18272"},{"taxonomy":"product_tag","embeddable":true,"href":"https:\/\/legiavanphongpham.com\/index.php\/wp-json\/wp\/v2\/product_tag?post=18272"}],"curies":[{"name":"wp","href":"https:\/\/api.w.org\/{rel}","templated":true}]}}