{"id":18775,"date":"2021-10-01T11:26:31","date_gmt":"2021-10-01T04:26:31","guid":{"rendered":"https:\/\/legiavanphongpham.com\/?post_type=product&#038;p=18775"},"modified":"2021-10-01T11:26:31","modified_gmt":"2021-10-01T04:26:31","slug":"sv160hl","status":"publish","type":"product","link":"https:\/\/legiavanphongpham.com\/index.php\/product\/sv160hl\/","title":{"rendered":"SV160HL"},"content":{"rendered":"<p>Ba\u0300n la\u0300m vi\u00ea\u0323c g\u00f4\u0303 Melamine, h\u1ed9c treo li\u1ec1n b\u00e0n c\u00f3 1 ng\u0103n k\u00e9o v\u00e0 1 c\u00e1nh m\u1edf.<\/p>\n<p>Ki\u0301ch th\u01b0\u01a1\u0301c :<\/p>\n<p>SV160HL: W1600 x D800 x H750 mm<\/p>\n","protected":false},"excerpt":{"rendered":"<p>Ba\u0300n la\u0300m vi\u00ea\u0323c g\u00f4\u0303 Melamine, h\u1ed9c treo li\u1ec1n b\u00e0n c\u00f3 1 ng\u0103n k\u00e9o v\u00e0 1 c\u00e1nh m\u1edf. Ki\u0301ch th\u01b0\u01a1\u0301c : SV160HL: W1600 x D800 x H750 mm<\/p>\n","protected":false},"featured_media":18776,"comment_status":"open","ping_status":"closed","template":"","meta":[],"product_brand":[],"product_cat":[213],"product_tag":[],"class_list":{"0":"post-18775","1":"product","2":"type-product","3":"status-publish","4":"has-post-thumbnail","6":"product_cat-ban-lam-viec","8":"first","9":"instock","10":"shipping-taxable","11":"purchasable","12":"product-type-simple"},"_links":{"self":[{"href":"https:\/\/legiavanphongpham.com\/index.php\/wp-json\/wp\/v2\/product\/18775","targetHints":{"allow":["GET"]}}],"collection":[{"href":"https:\/\/legiavanphongpham.com\/index.php\/wp-json\/wp\/v2\/product"}],"about":[{"href":"https:\/\/legiavanphongpham.com\/index.php\/wp-json\/wp\/v2\/types\/product"}],"replies":[{"embeddable":true,"href":"https:\/\/legiavanphongpham.com\/index.php\/wp-json\/wp\/v2\/comments?post=18775"}],"wp:featuredmedia":[{"embeddable":true,"href":"https:\/\/legiavanphongpham.com\/index.php\/wp-json\/wp\/v2\/media\/18776"}],"wp:attachment":[{"href":"https:\/\/legiavanphongpham.com\/index.php\/wp-json\/wp\/v2\/media?parent=18775"}],"wp:term":[{"taxonomy":"product_brand","embeddable":true,"href":"https:\/\/legiavanphongpham.com\/index.php\/wp-json\/wp\/v2\/product_brand?post=18775"},{"taxonomy":"product_cat","embeddable":true,"href":"https:\/\/legiavanphongpham.com\/index.php\/wp-json\/wp\/v2\/product_cat?post=18775"},{"taxonomy":"product_tag","embeddable":true,"href":"https:\/\/legiavanphongpham.com\/index.php\/wp-json\/wp\/v2\/product_tag?post=18775"}],"curies":[{"name":"wp","href":"https:\/\/api.w.org\/{rel}","templated":true}]}}