{"id":19103,"date":"2021-11-04T09:24:57","date_gmt":"2021-11-04T02:24:57","guid":{"rendered":"https:\/\/legiavanphongpham.com\/?post_type=product&#038;p=19103"},"modified":"2021-11-04T09:24:57","modified_gmt":"2021-11-04T02:24:57","slug":"ronald-jack-3000tid","status":"publish","type":"product","link":"https:\/\/legiavanphongpham.com\/index.php\/product\/ronald-jack-3000tid\/","title":{"rendered":"RONALD JACK 3000TID"},"content":{"rendered":"<p><strong><u>T\u00ednh n\u0103ng<\/u><\/strong><strong><em>:<\/em><\/strong><\/p>\n<p>&#8211; M\u00e1y ch\u1ea5m c\u00f4ng m\u00e0n h\u00ecnh tr\u1eafng \u0111en d\u00f9ng b\u1ec1n nh\u1ea5t hi\u1ec7n nay<\/p>\n<p>&#8211; C\u00f4ng su\u1ea5t ch\u1ee9a <strong><u>3200 d\u1ea5u v\u00e2n tay<\/u><\/strong><strong><u> + 3200 th\u1ebb + 3200 Password<\/u><\/strong><\/p>\n<p>&#8211;\u00a0 <strong>S\u1eed d\u1ee5ng <u>Chip x\u1eed l\u00fd\u00a0 Intel th\u1ebf h\u1ec7 m\u1edbi c\u1ee7a M\u1ef9<\/u><\/strong> c\u1ef1c nhanh<\/p>\n<p>&#8211; <strong>\u0110\u1ea7u \u0111\u1ecdc ch\u1ed1ng tr\u1ea7y x\u01b0\u1edbc, <\/strong><strong>ch<\/strong><strong>\u1ed1<\/strong><strong>ng<\/strong><strong> m\u00e0i m\u00f2n m\u1edbi nh\u1ea5t <\/strong><\/p>\n<p><strong>&#8211; L\u1ea5y d\u1eef li\u1ec7u qua Internet th\u00f4ng qua Webserver<\/strong><\/p>\n<p>&#8211; T\u1ed1c \u0111\u1ed9 x\u1eed l\u00fd nhanh &lt;1s\/1l\u1ea7n ch\u1ea5m c\u00f4ng.<\/p>\n<p>&#8211; <strong>Dung l\u01b0\u1ee3ng b\u1ed9 nh\u1edb l\u01b0u tr\u1eef 100.000 <\/strong><strong>l\u1ea7n ch\u1ea5m c\u00f4ng<\/strong><\/p>\n<p>&#8211; Ph\u00e1t ra gi\u1ecdng n\u00f3i b\u1eb1ng ng\u00f4n ng\u1eef:<strong> Ti\u1ebfng Anh &amp; Ti\u1ebfng Vi\u1ec7t<\/strong><\/p>\n<p>&#8211; Password b\u1ea3o v\u1ec7 m\u00e1y, h\u1eb9n gi\u1edd t\u1eaft, m\u1edf m\u00e1y, chu\u00f4ng b\u00e1o gi\u1edd<\/p>\n<p><strong>&#8211; K\u1ebft n\u1ed1i v\u1edbi m\u00e1y vi t\u00ednh qua c\u1ed5ng RS \u2013 232\/485, TCP\/IP<\/strong><\/p>\n<p><strong>&#8211; L\u1ea5y d\u1eef li\u1ec7u nhanh qua c\u1ed5ng USB th\u1eadt ti\u1ec7n l\u1ee3i<\/strong><\/p>\n<p>&#8211; Pin b\u1ed9 nh\u1edb l\u01b0u tr\u1eef d\u1eef li\u1ec7u khi m\u1ea5t \u0111i\u1ec7n.<\/p>\n<p>&#8211; Hi\u1ec3n th\u1ecb t\u00ean ng\u01b0\u1eddi s\u1eed d\u1ee5ng khi ch\u1ea5m c\u00f4ng.<\/p>\n","protected":false},"excerpt":{"rendered":"<p>T\u00ednh n\u0103ng: &#8211; M\u00e1y ch\u1ea5m c\u00f4ng m\u00e0n h\u00ecnh tr\u1eafng \u0111en d\u00f9ng b\u1ec1n nh\u1ea5t hi\u1ec7n nay &#8211; C\u00f4ng su\u1ea5t ch\u1ee9a 3200 d\u1ea5u v\u00e2n tay + 3200 th\u1ebb + 3200 Password &#8211;\u00a0 S\u1eed d\u1ee5ng Chip x\u1eed l\u00fd\u00a0 Intel th\u1ebf h\u1ec7 m\u1edbi c\u1ee7a M\u1ef9 c\u1ef1c nhanh &#8211; \u0110\u1ea7u \u0111\u1ecdc ch\u1ed1ng tr\u1ea7y x\u01b0\u1edbc, ch\u1ed1ng m\u00e0i m\u00f2n m\u1edbi nh\u1ea5t &#8211; [&hellip;]<\/p>\n","protected":false},"featured_media":19104,"comment_status":"open","ping_status":"closed","template":"","meta":[],"product_brand":[],"product_cat":[176],"product_tag":[],"class_list":{"0":"post-19103","1":"product","2":"type-product","3":"status-publish","4":"has-post-thumbnail","6":"product_cat-may-cham-cong","8":"first","9":"instock","10":"shipping-taxable","11":"purchasable","12":"product-type-simple"},"_links":{"self":[{"href":"https:\/\/legiavanphongpham.com\/index.php\/wp-json\/wp\/v2\/product\/19103","targetHints":{"allow":["GET"]}}],"collection":[{"href":"https:\/\/legiavanphongpham.com\/index.php\/wp-json\/wp\/v2\/product"}],"about":[{"href":"https:\/\/legiavanphongpham.com\/index.php\/wp-json\/wp\/v2\/types\/product"}],"replies":[{"embeddable":true,"href":"https:\/\/legiavanphongpham.com\/index.php\/wp-json\/wp\/v2\/comments?post=19103"}],"wp:featuredmedia":[{"embeddable":true,"href":"https:\/\/legiavanphongpham.com\/index.php\/wp-json\/wp\/v2\/media\/19104"}],"wp:attachment":[{"href":"https:\/\/legiavanphongpham.com\/index.php\/wp-json\/wp\/v2\/media?parent=19103"}],"wp:term":[{"taxonomy":"product_brand","embeddable":true,"href":"https:\/\/legiavanphongpham.com\/index.php\/wp-json\/wp\/v2\/product_brand?post=19103"},{"taxonomy":"product_cat","embeddable":true,"href":"https:\/\/legiavanphongpham.com\/index.php\/wp-json\/wp\/v2\/product_cat?post=19103"},{"taxonomy":"product_tag","embeddable":true,"href":"https:\/\/legiavanphongpham.com\/index.php\/wp-json\/wp\/v2\/product_tag?post=19103"}],"curies":[{"name":"wp","href":"https:\/\/api.w.org\/{rel}","templated":true}]}}