{"id":19124,"date":"2021-11-23T08:56:49","date_gmt":"2021-11-23T01:56:49","guid":{"rendered":"https:\/\/legiavanphongpham.com\/?post_type=product&#038;p=19124"},"modified":"2021-11-23T08:56:49","modified_gmt":"2021-11-23T01:56:49","slug":"scan-dr-c240","status":"publish","type":"product","link":"https:\/\/legiavanphongpham.com\/index.php\/product\/scan-dr-c240\/","title":{"rendered":"Scan DR-C240"},"content":{"rendered":"<table width=\"407\">\n<tbody>\n<tr>\n<td width=\"134\">T\u1ed1c \u0111\u1ed9 Scan<\/td>\n<td width=\"273\">Black &amp; White 45ppm \/ 90ipm<br \/>\nColour 30ppm \/ 60ipm<\/td>\n<\/tr>\n<tr>\n<td>Khay n\u1ea1p t\u00e0i li\u1ec7u<\/td>\n<td width=\"273\">60 t\u1edd A4, Card, qu\u00e9t g\u1ea5p A3,<br \/>\nScan h\u1ed9 chi\u1ebfu PassPort,<br \/>\nScan t\u00e0i li\u1ec7u d\u00e0i 3 m\u00e9t<\/td>\n<\/tr>\n<tr>\n<td>\u0110\u1ed9 ph\u00e2n gi\u1ea3i<\/td>\n<td width=\"273\">600 x 600 dpi<\/td>\n<\/tr>\n<tr>\n<td>C\u00f4ng ngh\u1ec7 qu\u00e9t<\/td>\n<td width=\"273\">CMOS CIS 1 Line Sensor<\/td>\n<\/tr>\n<tr>\n<td>K\u00edch th\u01b0\u1edbc<\/td>\n<td width=\"273\">291 x 253 x 231mm<\/td>\n<\/tr>\n<tr>\n<td>Tr\u1ecdng l\u01b0\u1ee3ng<\/td>\n<td width=\"273\">2.8 Kg<\/td>\n<\/tr>\n<tr>\n<td>C\u1ed5ng giao ti\u1ebfp<\/td>\n<td width=\"273\">USB 2.0 Hi-Speed<\/td>\n<\/tr>\n<tr>\n<td>C\u00f4ng su\u1ea5t\/ng\u00e0y<\/td>\n<td width=\"273\">4.000 b\u1ea3n qu\u00e9t<\/td>\n<\/tr>\n<tr>\n<td>Xu\u1ea5t x\u1ee9<\/td>\n<td width=\"273\">JAPAN<\/td>\n<\/tr>\n<\/tbody>\n<\/table>\n","protected":false},"excerpt":{"rendered":"<p>T\u1ed1c \u0111\u1ed9 Scan Black &amp; White 45ppm \/ 90ipm Colour 30ppm \/ 60ipm Khay n\u1ea1p t\u00e0i li\u1ec7u 60 t\u1edd A4, Card, qu\u00e9t g\u1ea5p A3, Scan h\u1ed9 chi\u1ebfu PassPort, Scan t\u00e0i li\u1ec7u d\u00e0i 3 m\u00e9t \u0110\u1ed9 ph\u00e2n gi\u1ea3i 600 x 600 dpi C\u00f4ng ngh\u1ec7 qu\u00e9t CMOS CIS 1 Line Sensor K\u00edch th\u01b0\u1edbc 291 x 253 x [&hellip;]<\/p>\n","protected":false},"featured_media":19125,"comment_status":"open","ping_status":"closed","template":"","meta":[],"product_brand":[],"product_cat":[174],"product_tag":[],"class_list":{"0":"post-19124","1":"product","2":"type-product","3":"status-publish","4":"has-post-thumbnail","6":"product_cat-may-scan","8":"first","9":"instock","10":"shipping-taxable","11":"purchasable","12":"product-type-simple"},"_links":{"self":[{"href":"https:\/\/legiavanphongpham.com\/index.php\/wp-json\/wp\/v2\/product\/19124","targetHints":{"allow":["GET"]}}],"collection":[{"href":"https:\/\/legiavanphongpham.com\/index.php\/wp-json\/wp\/v2\/product"}],"about":[{"href":"https:\/\/legiavanphongpham.com\/index.php\/wp-json\/wp\/v2\/types\/product"}],"replies":[{"embeddable":true,"href":"https:\/\/legiavanphongpham.com\/index.php\/wp-json\/wp\/v2\/comments?post=19124"}],"wp:featuredmedia":[{"embeddable":true,"href":"https:\/\/legiavanphongpham.com\/index.php\/wp-json\/wp\/v2\/media\/19125"}],"wp:attachment":[{"href":"https:\/\/legiavanphongpham.com\/index.php\/wp-json\/wp\/v2\/media?parent=19124"}],"wp:term":[{"taxonomy":"product_brand","embeddable":true,"href":"https:\/\/legiavanphongpham.com\/index.php\/wp-json\/wp\/v2\/product_brand?post=19124"},{"taxonomy":"product_cat","embeddable":true,"href":"https:\/\/legiavanphongpham.com\/index.php\/wp-json\/wp\/v2\/product_cat?post=19124"},{"taxonomy":"product_tag","embeddable":true,"href":"https:\/\/legiavanphongpham.com\/index.php\/wp-json\/wp\/v2\/product_tag?post=19124"}],"curies":[{"name":"wp","href":"https:\/\/api.w.org\/{rel}","templated":true}]}}