{"id":19659,"date":"2022-10-26T16:41:19","date_gmt":"2022-10-26T09:41:19","guid":{"rendered":"https:\/\/legiavanphongpham.com\/?post_type=product&#038;p=19659"},"modified":"2022-10-26T16:41:19","modified_gmt":"2022-10-26T09:41:19","slug":"khan-uot-wesser","status":"publish","type":"product","link":"https:\/\/legiavanphongpham.com\/index.php\/product\/khan-uot-wesser\/","title":{"rendered":"Kh\u0103n \u01b0\u1edbt  Wesser"},"content":{"rendered":"","protected":false},"excerpt":{"rendered":"<div class=\"_2N2_VN\">M\u00d4 T\u1ea2 S\u1ea2N PH\u1ea8M<\/div>\n<div class=\"_2jz573\">\n<div class=\"_1MqcWX\">\n<p class=\"_2jrvqA\">*** Kh\u0103n gi\u1ea5y \u01b0\u1edbt Wesser g\u00f3i 80 t\u1edd &#8211; Chi\u1ebft xu\u1ea5t t\u1eeb 100% thi\u00ean nhi\u00ean. &#8211; Kh\u00f4ng m\u00f9i. &#8211; Ti\u1ec7n d\u1ee5ng. &#8211; Kh\u0103n gi\u1ea5y \u01b0\u1edbt wesser an to\u00e0n ti\u1ec7n d\u1ee5ng &#8211; Kh\u0103n gi\u1ea5y \u01b0\u1edbt tr\u1ebb em hi\u1ec7n nay \u0111\u00e3 tr\u1edf th\u00e0nh v\u1eadt d\u1ee5ng ti\u1ec7n \u00edch c\u1ee7a nhi\u1ec1u gia \u0111\u00ecnh, \u0111\u1eb7c bi\u1ec7t l\u00e0 c\u00e1c b\u00e0 m\u1eb9 c\u00f3 con nh\u1ecf. M\u1ed9t trong nh\u1eefng \u0111i\u1ec1u kh\u00f4ng th\u1ec3 thi\u1ebfu l\u00e0 s\u1ef1 ti\u1ec7n l\u1ee3i, nhanh g\u1ecdn, kh\u00f4ng m\u1ea5t th\u1eddi gian m\u00e0 v\u1eabn \u0111\u1ea3m b\u1ea3o v\u1ec7 sinh khi d\u00f9ng cho b\u00e9. V\u1edbi kh\u0103n gi\u1ea5y \u01b0\u1edbt wesser s\u1ebd cho b\u00e9 s\u1ef1 an to\u00e0n v\u00e0 ti\u1ec7n d\u1ee5ng nh\u1ea5t. &#8211; Kh\u0103n m\u1ec1m m\u1ea1i kh\u00f4ng x\u01a1. Gi\u1eef \u1ea9m nh\u01b0ng kh\u00f4ng l\u00e0m nh\u1edbt da khi lau. S\u1ea3n ph\u1ea9m kh\u00f4ng ch\u1ee9a c\u1ed3n, kh\u00f4ng g\u00e2y k\u00edch \u1ee9ng da th\u00edch h\u1ee3p cho l\u00e0n da nh\u1ea1y c\u1ea3m. S\u1eed d\u1ee5ng m\u1ed9t l\u1ea7n tuy\u1ec7t \u0111\u1ed1i v\u1ec7 sinh c\u00f3 th\u00e0nh ph\u1ea7n ch\u1ed1ng vi khu\u1ea9n &#8211; Quy c\u00e1ch : 80 t\u1edd\/g\u00f3i, m\u1ed1i kh\u0103n k\u00edch th\u01b0\u1edbt 16*20cm(+-5mm) &#8211; Th\u00e0nh ph\u1ea7n: V\u1ea3i kh\u00f4ng d\u1ec7t \u0111u\u1ecdc d\u1eadp n\u1ed5i cao c\u1ea5p, N\u01b0\u1edbc tinh khi\u1ebft.<\/p>\n<\/div>\n<\/div>\n","protected":false},"featured_media":19660,"comment_status":"open","ping_status":"closed","template":"","meta":[],"product_brand":[],"product_cat":[283],"product_tag":[],"class_list":{"0":"post-19659","1":"product","2":"type-product","3":"status-publish","4":"has-post-thumbnail","6":"product_cat-khan-uot","8":"first","9":"instock","10":"shipping-taxable","11":"product-type-simple"},"_links":{"self":[{"href":"https:\/\/legiavanphongpham.com\/index.php\/wp-json\/wp\/v2\/product\/19659","targetHints":{"allow":["GET"]}}],"collection":[{"href":"https:\/\/legiavanphongpham.com\/index.php\/wp-json\/wp\/v2\/product"}],"about":[{"href":"https:\/\/legiavanphongpham.com\/index.php\/wp-json\/wp\/v2\/types\/product"}],"replies":[{"embeddable":true,"href":"https:\/\/legiavanphongpham.com\/index.php\/wp-json\/wp\/v2\/comments?post=19659"}],"wp:featuredmedia":[{"embeddable":true,"href":"https:\/\/legiavanphongpham.com\/index.php\/wp-json\/wp\/v2\/media\/19660"}],"wp:attachment":[{"href":"https:\/\/legiavanphongpham.com\/index.php\/wp-json\/wp\/v2\/media?parent=19659"}],"wp:term":[{"taxonomy":"product_brand","embeddable":true,"href":"https:\/\/legiavanphongpham.com\/index.php\/wp-json\/wp\/v2\/product_brand?post=19659"},{"taxonomy":"product_cat","embeddable":true,"href":"https:\/\/legiavanphongpham.com\/index.php\/wp-json\/wp\/v2\/product_cat?post=19659"},{"taxonomy":"product_tag","embeddable":true,"href":"https:\/\/legiavanphongpham.com\/index.php\/wp-json\/wp\/v2\/product_tag?post=19659"}],"curies":[{"name":"wp","href":"https:\/\/api.w.org\/{rel}","templated":true}]}}