{"id":19691,"date":"2022-10-31T14:54:32","date_gmt":"2022-10-31T07:54:32","guid":{"rendered":"https:\/\/legiavanphongpham.com\/?post_type=product&#038;p=19691"},"modified":"2022-10-31T14:54:32","modified_gmt":"2022-10-31T07:54:32","slug":"tui-dung-rac-dai-hoang-nguyen","status":"publish","type":"product","link":"https:\/\/legiavanphongpham.com\/index.php\/product\/tui-dung-rac-dai-hoang-nguyen\/","title":{"rendered":"T\u00fai \u0111\u1ef1ng r\u00e1c \u0110\u1ea1i Ho\u00e0ng Nguy\u00ean"},"content":{"rendered":"","protected":false},"excerpt":{"rendered":"<ul>\n<li>T\u00fai \u0111\u1ef1ng r\u00e1c\u00a0\u0111\u01b0\u1ee3c thi\u1ebft k\u1ebf v\u1edbi t\u00fai x\u1ebfp bo tr\u00f2n th\u00f9ng r\u00e1c gi\u00fap gi\u1eef cho kh\u00f4ng gian nh\u00e0 b\u1ea1n th\u00eam s\u1ea1ch s\u1ebd v\u00e0 tho\u00e1ng m\u00e1t.<\/li>\n<li>\u0110\u01b0\u1eddng \u00e9p \u0111\u00e1y t\u00fai v\u00f4 c\u00f9ng ch\u1eafc ch\u1eafn cho b\u1ea1n y\u00ean t\u00e2m h\u01a1n m\u1ed7i khi s\u1eed d\u1ee5ng s\u1ea3n ph\u1ea9m.<\/li>\n<li>T\u00fai \u0111\u1ef1ng r\u00e1c ti\u1ec7n \u00edch cho m\u1ed7i gia \u0111\u00ecnh gi\u00fap cho ng\u00f4i nh\u00e0 b\u1ea1n tr\u1edf n\u00ean g\u1ecdn g\u00e0ng, s\u1ea1ch s\u1ebd, c\u00e1c lo\u1ea1i r\u00e1c nh\u1ecf nh\u01b0 gi\u1ea5y v\u1ee5n, th\u1ee9c \u0103n c\u00f3 m\u00f9i kh\u00f3 ch\u1ecbu s\u1ebd kh\u00f4ng c\u00f2n l\u00e0m b\u1ea1n phi\u1ec1n l\u00f2ng.<\/li>\n<li>Ch\u1ea5t li\u1ec7u nh\u1ef1a d\u1ebbo dai v\u1edbi \u0111\u1ed9 d\u00e0y t\u00fai h\u1ee3p l\u00fd, th\u00e2n thi\u1ec7n v\u1edbi m\u00f4i tr\u01b0\u1eddng, kh\u00f4ng g\u00e2y \u0111\u1ed9c h\u1ea1i cho s\u1ee9c kh\u1ecfe c\u1ee7a ng\u01b0\u1eddi d\u00f9ng.<\/li>\n<\/ul>\n","protected":false},"featured_media":19692,"comment_status":"open","ping_status":"closed","template":"","meta":[],"product_brand":[],"product_cat":[142],"product_tag":[],"class_list":{"0":"post-19691","1":"product","2":"type-product","3":"status-publish","4":"has-post-thumbnail","6":"product_cat-bao-rac","8":"first","9":"instock","10":"shipping-taxable","11":"product-type-simple"},"_links":{"self":[{"href":"https:\/\/legiavanphongpham.com\/index.php\/wp-json\/wp\/v2\/product\/19691","targetHints":{"allow":["GET"]}}],"collection":[{"href":"https:\/\/legiavanphongpham.com\/index.php\/wp-json\/wp\/v2\/product"}],"about":[{"href":"https:\/\/legiavanphongpham.com\/index.php\/wp-json\/wp\/v2\/types\/product"}],"replies":[{"embeddable":true,"href":"https:\/\/legiavanphongpham.com\/index.php\/wp-json\/wp\/v2\/comments?post=19691"}],"wp:featuredmedia":[{"embeddable":true,"href":"https:\/\/legiavanphongpham.com\/index.php\/wp-json\/wp\/v2\/media\/19692"}],"wp:attachment":[{"href":"https:\/\/legiavanphongpham.com\/index.php\/wp-json\/wp\/v2\/media?parent=19691"}],"wp:term":[{"taxonomy":"product_brand","embeddable":true,"href":"https:\/\/legiavanphongpham.com\/index.php\/wp-json\/wp\/v2\/product_brand?post=19691"},{"taxonomy":"product_cat","embeddable":true,"href":"https:\/\/legiavanphongpham.com\/index.php\/wp-json\/wp\/v2\/product_cat?post=19691"},{"taxonomy":"product_tag","embeddable":true,"href":"https:\/\/legiavanphongpham.com\/index.php\/wp-json\/wp\/v2\/product_tag?post=19691"}],"curies":[{"name":"wp","href":"https:\/\/api.w.org\/{rel}","templated":true}]}}