{"id":19701,"date":"2022-10-31T15:23:35","date_gmt":"2022-10-31T08:23:35","guid":{"rendered":"https:\/\/legiavanphongpham.com\/?post_type=product&#038;p=19701"},"modified":"2022-10-31T15:23:35","modified_gmt":"2022-10-31T08:23:35","slug":"kem-tay-rua-nha-bep-da-nang-han-quoc","status":"publish","type":"product","link":"https:\/\/legiavanphongpham.com\/index.php\/product\/kem-tay-rua-nha-bep-da-nang-han-quoc\/","title":{"rendered":"Kem t\u1ea9y r\u1eeda nh\u00e0 b\u1ebfp \u0111a n\u0103ng H\u00e0n Qu\u1ed1c"},"content":{"rendered":"","protected":false},"excerpt":{"rendered":"<h2 class=\"margin-top-0 font-size-24 line-height-30\">Kem t\u1ea9y r\u1eeda nh\u00e0 b\u1ebfp \u0111a n\u0103ng H\u00e0n Qu\u1ed1c<\/h2>\n<div class=\"font-size-18 line-height-25 font-normal\">\n<p>T\u00c1C D\u1ee4NG<\/p>\n<p>&#8211; Lo\u1ea1i b\u1ecf g\u1ec9 s\u00e9t t\u1eeb c\u00e1c s\u1ea3n ph\u1ea9m l\u00e0m b\u1eb1ng kim lo\u1ea1i.<\/p>\n<p>&#8211; S\u1eed d\u1ee5ng cho c\u00e1c l\u00f2, b\u1ebfp, ch\u1ea3o, n\u1ed3i, b\u1ed3n r\u1eeda ch\u00e9n\/ch\u1eadu r\u1eeda &amp; g\u1ea1ch men.<\/p>\n<p>&#8211; Lo\u1ea1i b\u1ecf t\u1ea5t c\u1ea3 c\u00e1c lo\u1ea1i d\u1ea7u m\u1ee1 kh\u00f3 ra nh\u1ea5t, d\u1ea7u, m\u1ee1 kh\u00e9t, c\u00e1c v\u1ebft b\u1ea9n.<\/p>\n<p>&#8211; Lo\u1ea1i b\u1ecf g\u1ec9 s\u00e9t t\u1eeb c\u00e1c s\u1ea3n ph\u1ea9m l\u00e0m b\u1eb1ng kim lo\u1ea1i.<\/p>\n<p>C\u00c1CH S\u1eec D\u1ee4NG: Ch\u1ea5t t\u1ea9y r\u1eeda n\u00e0y d\u1ea1ng kem, s\u1eed d\u1ee5ng b\u1eb1ng c\u00e1ch b\u00f4i tr\u1ef1c ti\u1ebfp l\u00ean v\u1ecb tr\u00ed d\u1ee5ng c\u1ee5, v\u1eadt d\u1ee5ng c\u1ea7n t\u1ea9y. Sau \u0111\u00f3 d\u00f9ng kh\u0103n m\u1ec1m ch\u00e0 \u0111i ch\u00e0 l\u1ea1i m\u1ecdi v\u1ebft \u1ed1 b\u1ea9n s\u1ebd kh\u00f4ng c\u00f2n n\u1eefa.<\/p>\n<p>B\u1ed9t t\u1ea9y r\u1eeda xoong n\u1ed3i \u0111a n\u0103ng d\u1ec5 d\u00e0ng \u0111\u00e1nh bay m\u1ecdi v\u1ebft b\u1ea9n tr\u00ean nhi\u1ec1u ch\u1ea5t li\u1ec7u kh\u00e1c nhau nh\u01b0 c\u00e1c v\u1eadt d\u1ee5ng b\u1eb1ng kim lo\u1ea1i, s\u00e0n g\u1ed7, b\u1ed3n r\u1eeda ch\u00e9n, b\u1ed3n c\u1ea7u, v\u1eadt d\u1ee5ng tr\u00e1ng men, n\u1ed3i \u0111\u1ea5t&#8230; m\u00e0 kh\u00f4ng c\u1ea7n ph\u1ea3i c\u1ecd, d\u00f9ng l\u1ef1c lau ch\u00f9i nhi\u1ec1u, gi\u00fap c\u00e1c b\u00e0 n\u1ed9i tr\u1ee3 ti\u1ebft ki\u1ec7m s\u1ee9c l\u1ef1c v\u00e0 th\u1eddi gian l\u00e0m v\u1ec7 sinh cho b\u1ebfp, r\u1ea5t th\u00e2n thi\u1ec7n v\u1edbi m\u00f4i tr\u01b0\u1eddng, kh\u00f4ng g\u00e2y ra ph\u1ea3n \u1ee9ng h\u00f3a h\u1ecdc \u1ea3nh h\u01b0\u1edfng \u0111\u1ebfn da tay, kh\u00f4ng g\u00e2y k\u00edch \u1ee9ng v\u00e0 \u1ea3nh h\u01b0\u1edfng \u0111\u1ebfn m\u00f4i tr\u01b0\u1eddng.<\/p>\n<\/div>\n","protected":false},"featured_media":19702,"comment_status":"open","ping_status":"closed","template":"","meta":[],"product_brand":[],"product_cat":[139],"product_tag":[],"class_list":{"0":"post-19701","1":"product","2":"type-product","3":"status-publish","4":"has-post-thumbnail","6":"product_cat-dung-dich-tay-rua","8":"first","9":"instock","10":"shipping-taxable","11":"product-type-simple"},"_links":{"self":[{"href":"https:\/\/legiavanphongpham.com\/index.php\/wp-json\/wp\/v2\/product\/19701","targetHints":{"allow":["GET"]}}],"collection":[{"href":"https:\/\/legiavanphongpham.com\/index.php\/wp-json\/wp\/v2\/product"}],"about":[{"href":"https:\/\/legiavanphongpham.com\/index.php\/wp-json\/wp\/v2\/types\/product"}],"replies":[{"embeddable":true,"href":"https:\/\/legiavanphongpham.com\/index.php\/wp-json\/wp\/v2\/comments?post=19701"}],"wp:featuredmedia":[{"embeddable":true,"href":"https:\/\/legiavanphongpham.com\/index.php\/wp-json\/wp\/v2\/media\/19702"}],"wp:attachment":[{"href":"https:\/\/legiavanphongpham.com\/index.php\/wp-json\/wp\/v2\/media?parent=19701"}],"wp:term":[{"taxonomy":"product_brand","embeddable":true,"href":"https:\/\/legiavanphongpham.com\/index.php\/wp-json\/wp\/v2\/product_brand?post=19701"},{"taxonomy":"product_cat","embeddable":true,"href":"https:\/\/legiavanphongpham.com\/index.php\/wp-json\/wp\/v2\/product_cat?post=19701"},{"taxonomy":"product_tag","embeddable":true,"href":"https:\/\/legiavanphongpham.com\/index.php\/wp-json\/wp\/v2\/product_tag?post=19701"}],"curies":[{"name":"wp","href":"https:\/\/api.w.org\/{rel}","templated":true}]}}